Last updated on 2023-03-30 13:51:56 CEST.
Flavor | Version | Tinstall | Tcheck | Ttotal | Status | Flags |
---|---|---|---|---|---|---|
r-devel-linux-x86_64-debian-clang | 0.3.0 | 12.84 | 107.54 | 120.38 | NOTE | |
r-devel-linux-x86_64-debian-gcc | 0.3.0 | 10.54 | 80.10 | 90.64 | NOTE | |
r-devel-linux-x86_64-fedora-clang | 0.3.0 | 148.19 | NOTE | |||
r-devel-linux-x86_64-fedora-gcc | 0.3.0 | 152.10 | NOTE | |||
r-patched-linux-x86_64 | 0.3.0 | 16.62 | 102.34 | 118.96 | NOTE | |
r-release-linux-x86_64 | 0.3.0 | 13.28 | 103.12 | 116.40 | OK | |
r-release-macos-arm64 | 0.3.0 | 56.00 | OK | |||
r-release-macos-x86_64 | 0.3.0 | 59.00 | OK | |||
r-release-windows-x86_64 | 0.3.0 | 109.00 | 163.00 | 272.00 | OK | |
r-oldrel-macos-arm64 | 0.3.0 | 56.00 | OK | |||
r-oldrel-macos-x86_64 | 0.3.0 | 64.00 | OK | |||
r-oldrel-windows-ix86+x86_64 | 0.3.0 | 38.00 | 207.00 | 245.00 | OK |
Version: 0.3.0
Check: C++ specification
Result: NOTE
Specified C++11: please drop specification unless essential
Flavors: r-devel-linux-x86_64-debian-clang, r-devel-linux-x86_64-debian-gcc, r-devel-linux-x86_64-fedora-clang, r-devel-linux-x86_64-fedora-gcc, r-patched-linux-x86_64