CRAN Package Check Results for Package tidyEdSurvey

Last updated on 2024-04-19 00:12:13 CEST.

Flavor Version Tinstall Tcheck Ttotal Status Flags
r-devel-linux-x86_64-debian-clang 0.1.2 18.77 181.44 200.21 OK
r-devel-linux-x86_64-debian-gcc 0.1.2 11.89 139.50 151.39 OK
r-devel-linux-x86_64-fedora-clang 0.1.2 250.72 OK
r-devel-linux-x86_64-fedora-gcc 0.1.2 255.91 OK
r-prerel-macos-arm64 0.1.2 65.00 OK
r-prerel-windows-x86_64 0.1.2 15.00 170.00 185.00 OK
r-patched-linux-x86_64 0.1.2 13.14 173.86 187.00 OK
r-release-linux-x86_64 0.1.2 13.15 178.16 191.31 OK
r-release-macos-arm64 0.1.2 76.00 OK
r-release-macos-x86_64 0.1.2 170.00 OK
r-release-windows-x86_64 0.1.2 20.00 196.00 216.00 OK
r-oldrel-macos-arm64 0.1.2 84.00 WARN
r-oldrel-windows-x86_64 0.1.2 20.00 195.00 215.00 WARN

Check Details

Version: 0.1.2
Check: S3 generic/method consistency
Result: WARN Warning: declared S3 method 'filter.edsurvey.data.frame' not found See section ‘Generic functions and methods’ in the ‘Writing R Extensions’ manual. Flavors: r-oldrel-macos-arm64, r-oldrel-windows-x86_64