CRAN Package Check Results for Package tidyHeatmap

Last updated on 2021-04-20 11:49:03 CEST.

Flavor Version Tinstall Tcheck Ttotal Status Flags
r-devel-linux-x86_64-debian-clang 1.2.2 16.08 230.70 246.78 OK
r-devel-linux-x86_64-debian-gcc 1.2.2 14.23 169.55 183.78 OK
r-devel-linux-x86_64-fedora-clang 1.2.2 294.58 OK
r-devel-linux-x86_64-fedora-gcc 1.2.2 296.17 OK
r-devel-windows-ix86+x86_64 1.2.2 26.00 190.00 216.00 OK
r-devel-windows-x86_64-gcc10-UCRT 1.2.2 OK
r-patched-linux-x86_64 1.2.2 17.49 218.37 235.86 OK
r-patched-solaris-x86 1.2.2 399.10 OK
r-release-linux-x86_64 1.2.2 15.82 216.49 232.31 OK
r-release-macos-x86_64 1.2.2 OK
r-release-windows-ix86+x86_64 1.2.2 40.00 217.00 257.00 OK
r-oldrel-macos-x86_64 1.2.2 ERROR
r-oldrel-windows-ix86+x86_64 1.2.2 14.00 190.00 204.00 OK

Check Details

Version: 1.2.2
Check: package dependencies
Result: ERROR
    Package required and available but unsuitable version: ‘ComplexHeatmap’
    
    See section ‘The DESCRIPTION file’ in the ‘Writing R Extensions’
    manual.
Flavor: r-oldrel-macos-x86_64