Last updated on 2024-05-11 11:48:34 CEST.
Flavor | Version | Tinstall | Tcheck | Ttotal | Status | Flags |
---|---|---|---|---|---|---|
r-devel-linux-x86_64-debian-clang | 3.0.6 | 13.77 | 367.26 | 381.03 | NOTE | |
r-devel-linux-x86_64-debian-gcc | 3.0.6 | 8.37 | 268.75 | 277.12 | NOTE | |
r-devel-linux-x86_64-fedora-clang | 3.0.6 | 330.45 | NOTE | |||
r-devel-linux-x86_64-fedora-gcc | 3.0.6 | 405.87 | NOTE | |||
r-devel-windows-x86_64 | 3.0.6 | 12.00 | 294.00 | 306.00 | OK | |
r-patched-linux-x86_64 | 3.0.6 | 16.99 | 352.57 | 369.56 | NOTE | |
r-release-linux-x86_64 | 3.0.6 | 11.07 | 322.34 | 333.41 | NOTE | |
r-release-macos-arm64 | 3.0.6 | 139.00 | OK | |||
r-release-windows-x86_64 | 3.0.6 | 10.00 | 291.00 | 301.00 | OK | |
r-oldrel-macos-arm64 | 3.0.6 | 129.00 | OK | |||
r-oldrel-macos-x86_64 | 3.0.6 | 299.00 | OK | |||
r-oldrel-windows-x86_64 | 3.0.6 | 14.00 | 388.00 | 402.00 | OK |
Version: 3.0.6
Check: package dependencies
Result: NOTE
Package suggested but not available for checking: ‘dotwhisker’
Flavors: r-devel-linux-x86_64-debian-clang, r-devel-linux-x86_64-debian-gcc, r-devel-linux-x86_64-fedora-clang, r-devel-linux-x86_64-fedora-gcc, r-patched-linux-x86_64
Version: 3.0.6
Check: package dependencies
Result: NOTE
Packages suggested but not available for checking: 'rstanarm', 'dotwhisker'
Flavor: r-release-linux-x86_64