Last updated on 2024-04-18 06:10:03 CEST.
Flavor | Version | Tinstall | Tcheck | Ttotal | Status | Flags |
---|---|---|---|---|---|---|
r-devel-linux-x86_64-debian-clang | 0.1.1 | 4.05 | 56.35 | 60.40 | NOTE | |
r-devel-linux-x86_64-debian-gcc | 0.1.1 | 3.90 | 41.47 | 45.37 | NOTE | |
r-devel-linux-x86_64-fedora-clang | 0.1.1 | 75.26 | NOTE | |||
r-devel-linux-x86_64-fedora-gcc | 0.1.1 | 75.18 | NOTE | |||
r-prerel-macos-arm64 | 0.1.1 | 26.00 | NOTE | |||
r-prerel-windows-x86_64 | 0.1.1 | 5.00 | 59.00 | 64.00 | NOTE | |
r-patched-linux-x86_64 | 0.1.1 | 3.09 | 52.43 | 55.52 | NOTE | |
r-release-linux-x86_64 | 0.1.1 | 2.95 | 52.31 | 55.26 | NOTE | |
r-release-macos-arm64 | 0.1.1 | 36.00 | NOTE | |||
r-release-macos-x86_64 | 0.1.1 | 57.00 | NOTE | |||
r-release-windows-x86_64 | 0.1.1 | 6.00 | 68.00 | 74.00 | NOTE | |
r-oldrel-macos-arm64 | 0.1.1 | 30.00 | NOTE | |||
r-oldrel-windows-x86_64 | 0.1.1 | 7.00 | 73.00 | 80.00 | NOTE |
Version: 0.1.1
Check: package subdirectories
Result: NOTE
Problems with news in ‘NEWS.md’:
No news entries found.
Flavors: r-devel-linux-x86_64-debian-clang, r-devel-linux-x86_64-debian-gcc, r-devel-linux-x86_64-fedora-clang, r-devel-linux-x86_64-fedora-gcc, r-prerel-macos-arm64, r-prerel-windows-x86_64, r-patched-linux-x86_64, r-release-linux-x86_64, r-release-macos-arm64, r-release-macos-x86_64, r-release-windows-x86_64
Version: 0.1.1
Check: LazyData
Result: NOTE
'LazyData' is specified without a 'data' directory
Flavors: r-devel-linux-x86_64-debian-clang, r-devel-linux-x86_64-debian-gcc, r-devel-linux-x86_64-fedora-clang, r-devel-linux-x86_64-fedora-gcc, r-prerel-macos-arm64, r-prerel-windows-x86_64, r-patched-linux-x86_64, r-release-linux-x86_64, r-release-macos-arm64, r-release-macos-x86_64, r-release-windows-x86_64, r-oldrel-macos-arm64, r-oldrel-windows-x86_64