Last updated on 2023-03-26 12:03:33 CEST.
Flavor | Version | Tinstall | Tcheck | Ttotal | Status | Flags |
---|---|---|---|---|---|---|
r-devel-linux-x86_64-debian-clang | 0.1.2 | 2.44 | 40.88 | 43.32 | OK | |
r-devel-linux-x86_64-debian-gcc | 0.1.2 | 1.81 | 31.56 | 33.37 | OK | |
r-devel-linux-x86_64-fedora-clang | 0.1.2 | 59.03 | NOTE | |||
r-devel-linux-x86_64-fedora-gcc | 0.1.2 | 64.87 | NOTE | |||
r-patched-linux-x86_64 | 0.1.2 | 2.39 | 38.56 | 40.95 | OK | |
r-release-linux-x86_64 | 0.1.2 | 1.60 | 41.94 | 43.54 | OK | |
r-release-macos-arm64 | 0.1.2 | 24.00 | NOTE | |||
r-release-macos-x86_64 | 0.1.2 | 43.00 | NOTE | |||
r-release-windows-x86_64 | 0.1.2 | 14.00 | 70.00 | 84.00 | OK | |
r-oldrel-macos-arm64 | 0.1.2 | 38.00 | NOTE | |||
r-oldrel-macos-x86_64 | 0.1.2 | 33.00 | NOTE | |||
r-oldrel-windows-ix86+x86_64 | 0.1.2 | 6.00 | 71.00 | 77.00 | OK |
Version: 0.1.2
Check: dependencies in R code
Result: NOTE
Namespace in Imports field not imported from: ‘tidyr’
All declared Imports should be used.
Flavors: r-devel-linux-x86_64-fedora-clang, r-devel-linux-x86_64-fedora-gcc, r-release-macos-arm64, r-release-macos-x86_64, r-oldrel-macos-arm64, r-oldrel-macos-x86_64