Last updated on 2024-08-31 23:49:17 CEST.
Flavor | Version | Tinstall | Tcheck | Ttotal | Status | Flags |
---|---|---|---|---|---|---|
r-devel-linux-x86_64-debian-clang | 1.1.1 | 4.73 | 46.87 | 51.60 | OK | |
r-devel-linux-x86_64-debian-gcc | 1.1.1 | 3.97 | 35.40 | 39.37 | OK | |
r-devel-linux-x86_64-fedora-clang | 1.1.1 | 83.60 | NOTE | |||
r-devel-linux-x86_64-fedora-gcc | 1.1.1 | 91.42 | NOTE | |||
r-devel-windows-x86_64 | 1.1.1 | 8.00 | 65.00 | 73.00 | OK | |
r-patched-linux-x86_64 | 1.1.1 | 5.18 | 45.01 | 50.19 | OK | |
r-release-linux-x86_64 | 1.1.1 | 5.53 | 44.49 | 50.02 | OK | |
r-release-macos-arm64 | 1.1.1 | 33.00 | OK | |||
r-release-macos-x86_64 | 1.1.1 | 49.00 | OK | |||
r-release-windows-x86_64 | 1.1.1 | 8.00 | 66.00 | 74.00 | OK | |
r-oldrel-macos-arm64 | 1.1.1 | 34.00 | OK | |||
r-oldrel-macos-x86_64 | 1.1.1 | 65.00 | OK | |||
r-oldrel-windows-x86_64 | 1.1.1 | 10.00 | 71.00 | 81.00 | OK |
Version: 1.1.1
Check: data for non-ASCII characters
Result: NOTE
Note: found 6 marked UTF-8 strings
Flavors: r-devel-linux-x86_64-fedora-clang, r-devel-linux-x86_64-fedora-gcc