Last updated on 2023-03-22 05:52:41 CET.
Flavor | Version | Tinstall | Tcheck | Ttotal | Status | Flags |
---|---|---|---|---|---|---|
r-devel-linux-x86_64-debian-clang | 0.5.7 | 6.31 | 67.71 | 74.02 | OK | |
r-devel-linux-x86_64-debian-gcc | 0.5.7 | 4.97 | 49.64 | 54.61 | OK | |
r-devel-linux-x86_64-fedora-clang | 0.5.7 | 100.00 | NOTE | |||
r-devel-linux-x86_64-fedora-gcc | 0.5.7 | 96.50 | OK | |||
r-patched-linux-x86_64 | 0.5.7 | 6.93 | 61.12 | 68.05 | OK | |
r-release-linux-x86_64 | 0.5.7 | 5.88 | 60.94 | 66.82 | OK | |
r-release-macos-arm64 | 0.5.7 | 86.00 | OK | |||
r-release-macos-x86_64 | 0.5.7 | 127.00 | OK | |||
r-release-windows-x86_64 | 0.5.7 | 30.00 | 104.00 | 134.00 | OK | |
r-oldrel-macos-arm64 | 0.5.7 | 89.00 | OK | |||
r-oldrel-macos-x86_64 | 0.5.7 | 123.00 | OK | |||
r-oldrel-windows-ix86+x86_64 | 0.5.7 | 14.00 | 93.00 | 107.00 | OK |
Version: 0.5.7
Check: Rd cross-references
Result: NOTE
Undeclared packages ‘tidyfst’, ‘tidyr’, ‘fastDummies’ in Rd xrefs
Flavor: r-devel-linux-x86_64-fedora-clang