CRAN Package Check Results for Package tidymodels

Last updated on 2021-07-27 11:51:23 CEST.

Flavor Version Tinstall Tcheck Ttotal Status Flags
r-devel-linux-x86_64-debian-clang 0.1.3 15.36 141.78 157.14 OK
r-devel-linux-x86_64-debian-gcc 0.1.3 12.40 108.14 120.54 OK
r-devel-linux-x86_64-fedora-clang 0.1.3 194.53 NOTE
r-devel-linux-x86_64-fedora-gcc 0.1.3 181.09 NOTE
r-devel-windows-x86_64 0.1.3 25.00 171.00 196.00 OK
r-devel-windows-x86_64-gcc10-UCRT 0.1.3 NOTE
r-patched-linux-x86_64 0.1.3 15.50 136.08 151.58 OK
r-patched-solaris-x86 0.1.3 276.80 NOTE
r-release-linux-x86_64 0.1.3 13.96 134.68 148.64 OK
r-release-macos-arm64 0.1.3 NOTE
r-release-macos-x86_64 0.1.3 NOTE
r-release-windows-ix86+x86_64 0.1.3 37.00 131.00 168.00 OK
r-oldrel-macos-x86_64 0.1.3 NOTE
r-oldrel-windows-ix86+x86_64 0.1.3 29.00 170.00 199.00 OK

Check Details

Version: 0.1.3
Check: dependencies in R code
Result: NOTE
    Namespaces in Imports field not imported from:
     ‘modeldata’ ‘workflowsets’
     All declared Imports should be used.
Flavors: r-devel-linux-x86_64-fedora-clang, r-devel-linux-x86_64-fedora-gcc, r-devel-windows-x86_64-gcc10-UCRT, r-patched-solaris-x86, r-release-macos-arm64, r-release-macos-x86_64, r-oldrel-macos-x86_64