CRAN Package Check Results for Package tidyrules

Last updated on 2024-02-28 17:48:43 CET.

Flavor Version Tinstall Tcheck Ttotal Status Flags
r-devel-linux-x86_64-debian-clang 0.1.5 5.37 92.42 97.79 NOTE
r-devel-linux-x86_64-debian-gcc 0.1.5 5.37 71.15 76.52 NOTE
r-devel-linux-x86_64-fedora-clang 0.1.5 130.11 NOTE
r-devel-linux-x86_64-fedora-gcc 0.1.5 132.24 NOTE
r-devel-windows-x86_64 0.1.5 7.00 95.00 102.00 NOTE
r-patched-linux-x86_64 0.1.5 6.17 90.80 96.97 NOTE
r-release-linux-x86_64 0.1.5 5.78 91.75 97.53 NOTE
r-release-macos-arm64 0.1.5 48.00 NOTE
r-release-macos-x86_64 0.1.5 79.00 NOTE
r-release-windows-x86_64 0.1.5 9.00 107.00 116.00 NOTE
r-oldrel-macos-arm64 0.1.5 35.00 NOTE
r-oldrel-windows-x86_64 0.1.5 8.00 105.00 113.00 NOTE

Check Details

Version: 0.1.5
Check: LazyData
Result: NOTE 'LazyData' is specified without a 'data' directory Flavors: r-devel-linux-x86_64-debian-clang, r-devel-linux-x86_64-debian-gcc, r-devel-linux-x86_64-fedora-clang, r-devel-linux-x86_64-fedora-gcc, r-devel-windows-x86_64, r-patched-linux-x86_64, r-release-linux-x86_64, r-release-macos-arm64, r-release-macos-x86_64, r-release-windows-x86_64, r-oldrel-macos-arm64, r-oldrel-windows-x86_64