CRAN Package Check Results for Package tidyrules

Last updated on 2021-07-27 23:51:35 CEST.

Flavor Version Tinstall Tcheck Ttotal Status Flags
r-devel-linux-x86_64-debian-clang 0.1.5 7.29 82.76 90.05 NOTE
r-devel-linux-x86_64-debian-gcc 0.1.5 5.56 61.94 67.50 NOTE
r-devel-linux-x86_64-fedora-clang 0.1.5 114.65 NOTE
r-devel-linux-x86_64-fedora-gcc 0.1.5 103.55 NOTE
r-devel-windows-x86_64 0.1.5 10.00 104.00 114.00 NOTE
r-devel-windows-x86_64-gcc10-UCRT 0.1.5 NOTE
r-patched-linux-x86_64 0.1.5 5.40 79.21 84.61 NOTE
r-patched-solaris-x86 0.1.5 153.80 NOTE
r-release-linux-x86_64 0.1.5 6.13 78.47 84.60 NOTE
r-release-macos-arm64 0.1.5 WARN
r-release-macos-x86_64 0.1.5 NOTE
r-release-windows-ix86+x86_64 0.1.5 12.00 79.00 91.00 NOTE
r-oldrel-macos-x86_64 0.1.5 OK
r-oldrel-windows-ix86+x86_64 0.1.5 9.00 109.00 118.00 OK

Check Details

Version: 0.1.5
Check: LazyData
Result: NOTE
     'LazyData' is specified without a 'data' directory
Flavors: r-devel-linux-x86_64-debian-clang, r-devel-linux-x86_64-debian-gcc, r-devel-linux-x86_64-fedora-clang, r-devel-linux-x86_64-fedora-gcc, r-devel-windows-x86_64, r-devel-windows-x86_64-gcc10-UCRT, r-patched-linux-x86_64, r-patched-solaris-x86, r-release-linux-x86_64, r-release-macos-arm64, r-release-macos-x86_64, r-release-windows-ix86+x86_64

Version: 0.1.5
Check: re-building of vignette outputs
Result: WARN
    Error(s) in re-building vignettes:
    --- re-building ‘tidyrules_vignette.Rmd’ using rmarkdown
    Warning in engine$weave(file, quiet = quiet, encoding = enc) :
     Pandoc (>= 1.12.3) not available. Falling back to R Markdown v1.
    
    Attaching package: 'dplyr'
    
    The following objects are masked from 'package:stats':
    
     filter, lag
    
    The following objects are masked from 'package:base':
    
     intersect, setdiff, setequal, union
    
    Warning in strheight(s[i], units[i], cex[i], font[i], vfont = NULL) :
     no font could be found for family "Arial"
    Warning in strwidth(s[i], units[i], cex[i], font[i], vfont = NULL) :
     no font could be found for family "Arial"
    Warning in strwidth(s[i], units[i], cex[i], font[i], vfont = NULL) :
     no font could be found for family "Arial"
    Warning in strwidth(s[i], units[i], cex[i], font[i], vfont = NULL) :
     no font could be found for family "Arial"
    Warning in strwidth(s[i], units[i], cex[i], font[i], vfont = NULL) :
     no font could be found for family "Arial"
    Warning in strwidth(s[i], units[i], cex[i], font[i], vfont = NULL) :
     no font could be found for family "Arial"
    Warning in strwidth(s[i], units[i], cex[i], font[i], vfont = NULL) :
     no font could be found for family "Arial"
    Warning in strwidth(s[i], units[i], cex[i], font[i], vfont = NULL) :
     no font could be found for family "Arial"
    Warning in strwidth(s[i], units[i], cex[i], font[i], vfont = NULL) :
     no font could be found for family "Arial"
    Warning in strheight(s[i], units[i], cex[i], font[i], vfont = NULL) :
     no font could be found for family "Arial"
    Warning in strwidth(s[i], units[i], cex[i], font[i], vfont = NULL) :
     no font could be found for family "Arial"
    Warning in strwidth(s[i], units[i], cex[i], font[i], vfont = NULL) :
     no font could be found for family "Arial"
    Warning in strwidth(s[i], units[i], cex[i], font[i], vfont = NULL) :
     no font could be found for family "Arial"
    Warning in strwidth(s[i], units[i], cex[i], font[i], vfont = NULL) :
     no font could be found for family "Arial"
    Warning in strwidth(s[i], units[i], cex[i], font[i], vfont = NULL) :
     no font could be found for family "Arial"
    Warning in strwidth(s[i], units[i], cex[i], font[i], vfont = NULL) :
     no font could be found for family "Arial"
    Warning in strwidth(s[i], units[i], cex[i], font[i], vfont = NULL) :
     no font could be found for family "Arial"
    Warning in min(combined.boxes$y1, na.rm = TRUE) :
     no non-missing arguments to min; returning Inf
    Warning in max(combined.boxes$y2, na.rm = TRUE) :
     no non-missing arguments to max; returning -Inf
    Quitting from lines 185-187 (tidyrules_vignette.Rmd)
    Error: processing vignette 'tidyrules_vignette.Rmd' failed with diagnostics:
    replacement has length zero
    --- failed re-building ‘tidyrules_vignette.Rmd’
    
    SUMMARY: processing the following file failed:
     ‘tidyrules_vignette.Rmd’
    
    Error: Vignette re-building failed.
    Execution halted
Flavor: r-release-macos-arm64