CRAN Package Check Results for Package tidyrules

Last updated on 2023-03-31 05:54:38 CEST.

Flavor Version Tinstall Tcheck Ttotal Status Flags
r-devel-linux-x86_64-debian-clang 0.1.5 7.71 97.47 105.18 NOTE
r-devel-linux-x86_64-debian-gcc 0.1.5 5.83 74.69 80.52 NOTE
r-devel-linux-x86_64-fedora-clang 0.1.5 128.45 NOTE
r-devel-linux-x86_64-fedora-gcc 0.1.5 139.77 NOTE
r-patched-linux-x86_64 0.1.5 7.10 93.10 100.20 NOTE
r-release-linux-x86_64 0.1.5 6.92 91.17 98.09 NOTE
r-release-macos-arm64 0.1.5 35.00 NOTE
r-release-macos-x86_64 0.1.5 52.00 NOTE
r-release-windows-x86_64 0.1.5 27.00 148.00 175.00 NOTE
r-oldrel-macos-arm64 0.1.5 46.00 NOTE
r-oldrel-macos-x86_64 0.1.5 65.00 NOTE
r-oldrel-windows-ix86+x86_64 0.1.5 15.00 124.00 139.00 NOTE

Check Details

Version: 0.1.5
Check: LazyData
Result: NOTE
     'LazyData' is specified without a 'data' directory
Flavors: r-devel-linux-x86_64-debian-clang, r-devel-linux-x86_64-debian-gcc, r-devel-linux-x86_64-fedora-clang, r-devel-linux-x86_64-fedora-gcc, r-patched-linux-x86_64, r-release-linux-x86_64, r-release-macos-arm64, r-release-macos-x86_64, r-release-windows-x86_64, r-oldrel-macos-arm64, r-oldrel-macos-x86_64, r-oldrel-windows-ix86+x86_64