Last updated on 2024-05-04 11:48:39 CEST.
Flavor | Version | Tinstall | Tcheck | Ttotal | Status | Flags |
---|---|---|---|---|---|---|
r-devel-linux-x86_64-debian-clang | 0.8.0 | 25.89 | 341.23 | 367.12 | NOTE | |
r-devel-linux-x86_64-debian-gcc | 0.8.0 | 22.44 | 243.59 | 266.03 | OK | |
r-devel-linux-x86_64-fedora-clang | 0.8.0 | 477.79 | NOTE | |||
r-devel-linux-x86_64-fedora-gcc | 0.8.0 | 422.41 | OK | |||
r-devel-windows-x86_64 | 0.8.0 | 23.00 | 239.00 | 262.00 | OK | |
r-patched-linux-x86_64 | 0.8.0 | 41.21 | 313.77 | 354.98 | OK | |
r-release-linux-x86_64 | 0.8.0 | 20.44 | 308.18 | 328.62 | OK | |
r-release-macos-arm64 | 0.8.0 | 122.00 | NOTE | |||
r-release-windows-x86_64 | 0.8.0 | 27.00 | 240.00 | 267.00 | OK | |
r-oldrel-macos-arm64 | 0.8.0 | 118.00 | NOTE | |||
r-oldrel-macos-x86_64 | 0.8.0 | 283.00 | NOTE | |||
r-oldrel-windows-x86_64 | 0.8.0 | 36.00 | 322.00 | 358.00 | OK |
Version: 0.8.0
Check: package dependencies
Result: NOTE
Package suggested but not available for checking: ‘SingleR’
Flavors: r-devel-linux-x86_64-debian-clang, r-release-macos-arm64, r-oldrel-macos-arm64, r-oldrel-macos-x86_64
Version: 0.8.0
Check: Rd cross-references
Result: NOTE
Undeclared package ‘crosstalk’ in Rd xrefs
Flavor: r-devel-linux-x86_64-fedora-clang