Last updated on 2024-08-16 11:49:53 CEST.
Flavor | Version | Tinstall | Tcheck | Ttotal | Status | Flags |
---|---|---|---|---|---|---|
r-devel-linux-x86_64-debian-clang | 0.9.1 | 3.29 | 36.99 | 40.28 | OK | |
r-devel-linux-x86_64-debian-gcc | 0.9.1 | 2.57 | 27.58 | 30.15 | OK | |
r-devel-linux-x86_64-fedora-clang | 0.9.1 | 66.64 | NOTE | |||
r-devel-linux-x86_64-fedora-gcc | 0.9.1 | 80.27 | NOTE | |||
r-devel-windows-x86_64 | 0.9.1 | 5.00 | 56.00 | 61.00 | OK | |
r-patched-linux-x86_64 | 0.9.1 | 3.82 | 35.09 | 38.91 | OK | |
r-release-linux-x86_64 | 0.9.1 | 3.59 | 35.48 | 39.07 | OK | |
r-release-macos-arm64 | 0.9.1 | 29.00 | OK | |||
r-release-macos-x86_64 | 0.9.1 | 42.00 | OK | |||
r-release-windows-x86_64 | 0.9.1 | 6.00 | 56.00 | 62.00 | OK | |
r-oldrel-macos-arm64 | 0.9.1 | 32.00 | OK | |||
r-oldrel-macos-x86_64 | 0.9.1 | 44.00 | OK | |||
r-oldrel-windows-x86_64 | 0.9.1 | 7.00 | 62.00 | 69.00 | OK |
Version: 0.9.1
Check: data for non-ASCII characters
Result: NOTE
Note: found 34206 marked UTF-8 strings
Flavors: r-devel-linux-x86_64-fedora-clang, r-devel-linux-x86_64-fedora-gcc