Last updated on 2024-08-16 11:49:53 CEST.
Flavor | Version | Tinstall | Tcheck | Ttotal | Status | Flags |
---|---|---|---|---|---|---|
r-devel-linux-x86_64-debian-clang | 0.1.4 | 3.42 | 37.55 | 40.97 | NOTE | |
r-devel-linux-x86_64-debian-gcc | 0.1.4 | 2.36 | 28.96 | 31.32 | NOTE | |
r-devel-linux-x86_64-fedora-clang | 0.1.4 | 68.84 | NOTE | |||
r-devel-linux-x86_64-fedora-gcc | 0.1.4 | 79.93 | NOTE | |||
r-devel-windows-x86_64 | 0.1.4 | 5.00 | 62.00 | 67.00 | NOTE | |
r-patched-linux-x86_64 | 0.1.4 | 3.39 | 36.12 | 39.51 | NOTE | |
r-release-linux-x86_64 | 0.1.4 | 2.60 | 36.38 | 38.98 | NOTE | |
r-release-macos-arm64 | 0.1.4 | 31.00 | NOTE | |||
r-release-macos-x86_64 | 0.1.4 | 45.00 | NOTE | |||
r-release-windows-x86_64 | 0.1.4 | 5.00 | 63.00 | 68.00 | NOTE | |
r-oldrel-macos-arm64 | 0.1.4 | 32.00 | NOTE | |||
r-oldrel-macos-x86_64 | 0.1.4 | 48.00 | NOTE | |||
r-oldrel-windows-x86_64 | 0.1.4 | 5.00 | 65.00 | 70.00 | NOTE |
Version: 0.1.4
Check: LazyData
Result: NOTE
'LazyData' is specified without a 'data' directory
Flavors: r-devel-linux-x86_64-debian-clang, r-devel-linux-x86_64-debian-gcc, r-devel-linux-x86_64-fedora-clang, r-devel-linux-x86_64-fedora-gcc, r-devel-windows-x86_64, r-patched-linux-x86_64, r-release-linux-x86_64, r-release-macos-arm64, r-release-macos-x86_64, r-release-windows-x86_64, r-oldrel-macos-arm64, r-oldrel-macos-x86_64, r-oldrel-windows-x86_64