CRAN Package Check Results for Package tidytreatment

Last updated on 2022-11-30 23:54:53 CET.

Flavor Version Tinstall Tcheck Ttotal Status Flags
r-devel-linux-x86_64-debian-clang 0.2.2 10.89 124.64 135.53 OK
r-devel-linux-x86_64-debian-gcc 0.2.2 8.99 90.26 99.25 OK
r-devel-linux-x86_64-fedora-clang 0.2.2 177.47 OK
r-devel-linux-x86_64-fedora-gcc 0.2.2 169.98 OK
r-devel-windows-x86_64 0.2.2 57.00 220.00 277.00 OK
r-patched-linux-x86_64 0.2.2 11.41 114.55 125.96 OK
r-release-linux-x86_64 0.2.2 8.25 115.33 123.58 OK
r-release-macos-arm64 0.2.2 45.00 OK
r-release-macos-x86_64 0.2.2 252.00 NOTE
r-release-windows-x86_64 0.2.2 78.00 225.00 303.00 OK
r-oldrel-macos-arm64 0.2.2 41.00 OK
r-oldrel-macos-x86_64 0.2.2 66.00 OK
r-oldrel-windows-ix86+x86_64 0.2.2 25.00 202.00 227.00 OK

Check Details

Version: 0.2.2
Check: package dependencies
Result: NOTE
    Package which this enhances but not available for checking: ‘bartMachine’
Flavor: r-release-macos-x86_64