Last updated on 2024-04-19 18:05:47 CEST.
Flavor | Version | Tinstall | Tcheck | Ttotal | Status | Flags |
---|---|---|---|---|---|---|
r-devel-linux-x86_64-debian-clang | 0.1-12 | 5.81 | 21.95 | 27.76 | OK | |
r-devel-linux-x86_64-debian-gcc | 0.1-12 | OK | ||||
r-devel-linux-x86_64-fedora-clang | 0.1-12 | 36.82 | OK | |||
r-devel-linux-x86_64-fedora-gcc | 0.1-12 | 35.55 | OK | |||
r-prerel-macos-arm64 | 0.1-12 | 19.00 | NOTE | |||
r-prerel-windows-x86_64 | 0.1-12 | 10.00 | 54.00 | 64.00 | OK | |
r-patched-linux-x86_64 | 0.1-12 | 5.82 | 21.89 | 27.71 | OK | |
r-release-linux-x86_64 | 0.1-12 | 5.45 | 22.01 | 27.46 | OK | |
r-release-macos-arm64 | 0.1-12 | 25.00 | NOTE | |||
r-release-macos-x86_64 | 0.1-12 | 48.00 | NOTE | |||
r-release-windows-x86_64 | 0.1-12 | 10.00 | 52.00 | 62.00 | OK | |
r-oldrel-macos-arm64 | 0.1-12 | 31.00 | NOTE | |||
r-oldrel-windows-x86_64 | 0.1-12 | 8.00 | 48.00 | 56.00 | OK |
Version: 0.1-12
Check: installed package size
Result: NOTE
installed size is 5.4Mb
sub-directories of 1Mb or more:
libs 5.3Mb
Flavors: r-prerel-macos-arm64, r-release-macos-arm64, r-release-macos-x86_64, r-oldrel-macos-arm64