Last updated on 2022-05-17 23:56:48 CEST.
Flavor | Version | Tinstall | Tcheck | Ttotal | Status | Flags |
---|---|---|---|---|---|---|
r-devel-linux-x86_64-debian-clang | 0.12.0 | 76.85 | 14.65 | 91.50 | ERROR | |
r-devel-linux-x86_64-debian-gcc | 0.12.0 | 60.41 | 11.31 | 71.72 | ERROR | |
r-devel-linux-x86_64-fedora-clang | 0.13.0 | 449.18 | NOTE | |||
r-devel-linux-x86_64-fedora-gcc | 0.13.0 | 454.77 | OK | |||
r-devel-windows-x86_64 | 0.12.0 | 300.00 | 327.00 | 627.00 | NOTE | |
r-patched-linux-x86_64 | 0.12.0 | 64.01 | 14.22 | 78.23 | ERROR | |
r-release-linux-x86_64 | 0.12.0 | 64.91 | 14.19 | 79.10 | ERROR | |
r-release-macos-arm64 | 0.12.0 | 117.00 | NOTE | |||
r-release-macos-x86_64 | 0.12.0 | 191.00 | NOTE | |||
r-release-windows-x86_64 | 0.13.0 | 163.00 | 225.00 | 388.00 | NOTE | |
r-oldrel-macos-arm64 | 0.12.0 | 111.00 | NOTE | |||
r-oldrel-macos-x86_64 | 0.12.0 | 197.00 | NOTE | |||
r-oldrel-windows-ix86+x86_64 | 0.12.0 | 344.00 | 233.00 | 577.00 | NOTE |
Version: 0.12.0
Check: whether package can be installed
Result: ERROR
Installation failed.
Flavors: r-devel-linux-x86_64-debian-clang, r-devel-linux-x86_64-debian-gcc, r-patched-linux-x86_64, r-release-linux-x86_64
Version: 0.13.0
Check: installed package size
Result: NOTE
installed size is 57.5Mb
sub-directories of 1Mb or more:
libs 8.7Mb
tiledb 46.8Mb
Flavors: r-devel-linux-x86_64-fedora-clang, r-release-windows-x86_64
Version: 0.12.0
Check: installed package size
Result: NOTE
installed size is 12.9Mb
sub-directories of 1Mb or more:
libs 10.9Mb
Flavors: r-devel-windows-x86_64, r-release-macos-arm64, r-release-macos-x86_64, r-oldrel-macos-arm64, r-oldrel-macos-x86_64, r-oldrel-windows-ix86+x86_64