Last updated on 2023-03-24 23:52:22 CET.
Flavor | Version | Tinstall | Tcheck | Ttotal | Status | Flags |
---|---|---|---|---|---|---|
r-devel-linux-x86_64-debian-clang | 0.2.0 | 6.41 | 57.12 | 63.53 | WARN | |
r-devel-linux-x86_64-debian-gcc | 0.2.0 | 4.48 | 42.59 | 47.07 | WARN | |
r-devel-linux-x86_64-fedora-clang | 0.2.0 | 82.14 | WARN | |||
r-devel-linux-x86_64-fedora-gcc | 0.2.0 | 72.87 | WARN | |||
r-patched-linux-x86_64 | 0.2.0 | 6.60 | 57.09 | 63.69 | OK | |
r-release-linux-x86_64 | 0.2.0 | 4.90 | 56.51 | 61.41 | OK | |
r-release-macos-arm64 | 0.2.0 | 22.00 | OK | |||
r-release-macos-x86_64 | 0.2.0 | 38.00 | OK | |||
r-release-windows-x86_64 | 0.2.0 | 20.00 | 82.00 | 102.00 | OK | |
r-oldrel-macos-arm64 | 0.2.0 | 21.00 | OK | |||
r-oldrel-macos-x86_64 | 0.2.0 | 38.00 | OK | |||
r-oldrel-windows-ix86+x86_64 | 0.2.0 | 16.00 | 86.00 | 102.00 | OK |
Version: 0.2.0
Check: S3 generic/method consistency
Result: WARN
rowwise:
function(data, ...)
rowwise.forest:
function(.data, ...)
See section ‘Generic functions and methods’ in the ‘Writing R
Extensions’ manual.
Flavors: r-devel-linux-x86_64-debian-clang, r-devel-linux-x86_64-debian-gcc, r-devel-linux-x86_64-fedora-clang, r-devel-linux-x86_64-fedora-gcc