Last updated on 2024-03-29 06:56:42 CET.
Flavor | Version | Tinstall | Tcheck | Ttotal | Status | Flags |
---|---|---|---|---|---|---|
r-devel-linux-x86_64-debian-clang | 2.9.0 | 22.81 | 347.33 | 370.14 | OK | |
r-devel-linux-x86_64-debian-gcc | 2.9.0 | 19.26 | 250.61 | 269.87 | OK | |
r-devel-linux-x86_64-fedora-clang | 2.9.0 | 468.62 | NOTE | |||
r-devel-linux-x86_64-fedora-gcc | 2.9.0 | 463.44 | NOTE | |||
r-devel-windows-x86_64 | 2.9.0 | 22.00 | 274.00 | 296.00 | OK | |
r-patched-linux-x86_64 | 2.9.0 | 32.07 | 295.47 | 327.54 | NOTE | |
r-release-linux-x86_64 | 2.9.0 | 16.03 | 328.74 | 344.77 | NOTE | |
r-release-macos-arm64 | 2.9.0 | 177.00 | OK | |||
r-release-macos-x86_64 | 2.9.0 | 273.00 | OK | |||
r-release-windows-x86_64 | 2.9.0 | 30.00 | 362.00 | 392.00 | OK | |
r-oldrel-macos-arm64 | 2.9.0 | 133.00 | OK | |||
r-oldrel-windows-x86_64 | 2.9.0 | 32.00 | 325.00 | 357.00 | OK |
Version: 2.9.0
Check: package dependencies
Result: NOTE
Imports includes 25 non-default packages.
Importing from so many packages makes the package vulnerable to any of
them becoming unavailable. Move as many as possible to Suggests and
use conditionally.
Flavor: r-devel-linux-x86_64-fedora-clang
Version: 2.9.0
Check: data for non-ASCII characters
Result: NOTE
Note: found 2750 marked UTF-8 strings
Flavors: r-devel-linux-x86_64-fedora-clang, r-devel-linux-x86_64-fedora-gcc
Version: 2.9.0
Check: package dependencies
Result: NOTE
Package suggested but not available for checking: ‘modeltime’
Flavors: r-patched-linux-x86_64, r-release-linux-x86_64