CRAN Package Check Results for Package timetk

Last updated on 2021-01-26 17:50:16 CET.

Flavor Version Tinstall Tcheck Ttotal Status Flags
r-devel-linux-x86_64-debian-clang 2.6.1 19.41 335.14 354.55 OK
r-devel-linux-x86_64-debian-gcc 2.6.1 17.02 249.36 266.38 OK
r-devel-linux-x86_64-fedora-clang 2.6.1 434.06 NOTE
r-devel-linux-x86_64-fedora-gcc 2.6.1 435.67 NOTE
r-devel-windows-ix86+x86_64 2.6.1 48.00 413.00 461.00 OK
r-patched-linux-x86_64 2.6.1 22.02 315.80 337.82 OK
r-patched-solaris-x86 2.6.1 502.10 NOTE
r-release-linux-x86_64 2.6.1 20.00 318.01 338.01 OK
r-release-macos-x86_64 2.6.1 NOTE
r-release-windows-ix86+x86_64 2.6.1 49.00 392.00 441.00 OK
r-oldrel-macos-x86_64 2.6.1 NOTE
r-oldrel-windows-ix86+x86_64 2.6.1 29.00 323.00 352.00 OK

Check Details

Version: 2.6.1
Check: package dependencies
Result: NOTE
    Imports includes 25 non-default packages.
    Importing from so many packages makes the package vulnerable to any of
    them becoming unavailable. Move as many as possible to Suggests and
    use conditionally.
Flavor: r-devel-linux-x86_64-fedora-clang

Version: 2.6.1
Check: dependencies in R code
Result: NOTE
    Namespace in Imports field not imported from: ‘generics’
     All declared Imports should be used.
Flavors: r-devel-linux-x86_64-fedora-clang, r-devel-linux-x86_64-fedora-gcc, r-patched-solaris-x86, r-release-macos-x86_64, r-oldrel-macos-x86_64

Version: 2.6.1
Check: data for non-ASCII characters
Result: NOTE
     Note: found 2750 marked UTF-8 strings
Flavors: r-devel-linux-x86_64-fedora-clang, r-devel-linux-x86_64-fedora-gcc, r-patched-solaris-x86, r-release-macos-x86_64, r-oldrel-macos-x86_64

Version: 2.6.1
Check: installed package size
Result: NOTE
     installed size is 5.1Mb
     sub-directories of 1Mb or more:
     doc 2.4Mb
     help 1.7Mb
Flavor: r-patched-solaris-x86