CRAN Package Check Results for Package timma

Last updated on 2019-04-23 17:51:55 CEST.

Flavor Version Tinstall Tcheck Ttotal Status Flags
r-devel-linux-x86_64-debian-clang 1.2.1 27.60 91.82 119.42 NOTE
r-devel-linux-x86_64-debian-gcc 1.2.1 24.90 75.21 100.11 NOTE
r-devel-linux-x86_64-fedora-clang 1.2.1 152.66 NOTE
r-devel-linux-x86_64-fedora-gcc 1.2.1 144.76 NOTE
r-devel-windows-ix86+x86_64 1.2.1 77.00 122.00 199.00 NOTE
r-patched-linux-x86_64 1.2.1 27.29 92.68 119.97 NOTE
r-patched-solaris-x86 1.2.1 224.00 NOTE
r-release-linux-x86_64 1.2.1 25.68 70.33 96.01 NOTE
r-release-windows-ix86+x86_64 1.2.1 58.00 142.00 200.00 NOTE
r-release-osx-x86_64 1.2.1 NOTE
r-oldrel-windows-ix86+x86_64 1.2.1 70.00 135.00 205.00 NOTE
r-oldrel-osx-x86_64 1.2.1 NOTE

Check Details

Version: 1.2.1
Check: R code for possible problems
Result: NOTE
    drawGraph: no visible global function definition for 'pdf'
    drawGraph: no visible global function definition for 'par'
    drawGraph: no visible global function definition for 'plot'
    drawGraph: no visible global function definition for 'segments'
    drawGraph: no visible global function definition for 'lines'
    drawGraph: no visible global function definition for 'text'
    drawGraph: no visible global function definition for 'dev.off'
    drugRank: no visible global function definition for 'aggregate'
    floating2: no visible global function definition for 'cor'
    timma: no visible global function definition for 'median'
    timma: no visible global function definition for 'write.table'
    Undefined global functions or variables:
     aggregate cor dev.off lines median par pdf plot segments text
     write.table
    Consider adding
     importFrom("grDevices", "dev.off", "pdf")
     importFrom("graphics", "lines", "par", "plot", "segments", "text")
     importFrom("stats", "aggregate", "cor", "median")
     importFrom("utils", "write.table")
    to your NAMESPACE file.
Flavors: r-devel-linux-x86_64-debian-clang, r-devel-linux-x86_64-debian-gcc, r-devel-linux-x86_64-fedora-clang, r-devel-linux-x86_64-fedora-gcc, r-devel-windows-ix86+x86_64, r-patched-linux-x86_64, r-patched-solaris-x86, r-release-linux-x86_64, r-release-windows-ix86+x86_64, r-release-osx-x86_64, r-oldrel-windows-ix86+x86_64, r-oldrel-osx-x86_64

Version: 1.2.1
Check: compiled code
Result: NOTE
    File ‘timma/libs/timma.so’:
     Found no calls to: ‘R_registerRoutines’, ‘R_useDynamicSymbols’
    
    It is good practice to register native routines and to disable symbol
    search.
    
    See ‘Writing portable packages’ in the ‘Writing R Extensions’ manual.
Flavors: r-devel-linux-x86_64-fedora-clang, r-devel-linux-x86_64-fedora-gcc