Last updated on 2023-03-27 23:55:57 CEST.
Flavor | Version | Tinstall | Tcheck | Ttotal | Status | Flags |
---|---|---|---|---|---|---|
r-devel-linux-x86_64-debian-clang | 0.1.2 | 48.10 | 39.71 | 87.81 | NOTE | |
r-devel-linux-x86_64-debian-gcc | 0.1.2 | 43.69 | 31.40 | 75.09 | NOTE | |
r-devel-linux-x86_64-fedora-clang | 0.1.2 | 123.60 | NOTE | |||
r-devel-linux-x86_64-fedora-gcc | 0.1.2 | 117.11 | NOTE | |||
r-patched-linux-x86_64 | 0.1.2 | 46.94 | 38.80 | 85.74 | NOTE | |
r-release-linux-x86_64 | 0.1.2 | 49.19 | 43.77 | 92.96 | OK | |
r-release-macos-arm64 | 0.1.2 | 59.00 | NOTE | |||
r-release-macos-x86_64 | 0.1.2 | 88.00 | NOTE | |||
r-release-windows-x86_64 | 0.1.2 | 78.00 | 98.00 | 176.00 | NOTE | |
r-oldrel-macos-arm64 | 0.1.2 | 68.00 | NOTE | |||
r-oldrel-macos-x86_64 | 0.1.2 | 75.00 | NOTE | |||
r-oldrel-windows-ix86+x86_64 | 0.1.2 | 77.00 | 121.00 | 198.00 | NOTE |
Version: 0.1.2
Check: C++ specification
Result: NOTE
Specified C++14: please drop specification unless essential
Flavors: r-devel-linux-x86_64-debian-clang, r-devel-linux-x86_64-debian-gcc, r-devel-linux-x86_64-fedora-clang, r-devel-linux-x86_64-fedora-gcc, r-patched-linux-x86_64
Version: 0.1.2
Check: installed package size
Result: NOTE
installed size is 5.5Mb
sub-directories of 1Mb or more:
data 5.1Mb
Flavors: r-devel-linux-x86_64-fedora-clang, r-release-macos-arm64, r-release-macos-x86_64, r-release-windows-x86_64, r-oldrel-macos-arm64, r-oldrel-macos-x86_64, r-oldrel-windows-ix86+x86_64
Version: 0.1.2
Check: dependencies in R code
Result: NOTE
Namespaces in Imports field not imported from:
‘cpp11’ ‘dplyr’ ‘magrittr’ ‘stringi’
All declared Imports should be used.
Flavors: r-devel-linux-x86_64-fedora-clang, r-devel-linux-x86_64-fedora-gcc, r-release-macos-arm64, r-release-macos-x86_64, r-oldrel-macos-arm64, r-oldrel-macos-x86_64
Version: 0.1.2
Check: data for non-ASCII characters
Result: NOTE
Note: found 384749 marked UTF-8 strings
Flavors: r-devel-linux-x86_64-fedora-clang, r-devel-linux-x86_64-fedora-gcc, r-release-macos-arm64, r-release-macos-x86_64, r-oldrel-macos-arm64, r-oldrel-macos-x86_64