CRAN Package Check Results for Package tipitaka

Last updated on 2024-04-20 11:50:36 CEST.

Flavor Version Tinstall Tcheck Ttotal Status Flags
r-devel-linux-x86_64-debian-clang 0.1.2 46.61 40.30 86.91 NOTE
r-devel-linux-x86_64-debian-gcc 0.1.2 42.72 32.00 74.72 NOTE
r-devel-linux-x86_64-fedora-clang 0.1.2 127.62 NOTE
r-devel-linux-x86_64-fedora-gcc 0.1.2 120.63 NOTE
r-prerel-macos-arm64 0.1.2 58.00 NOTE
r-prerel-windows-x86_64 0.1.2 47.00 66.00 113.00 NOTE
r-patched-linux-x86_64 0.1.2 48.67 40.77 89.44 NOTE
r-release-linux-x86_64 0.1.2 47.54 39.54 87.08 NOTE
r-release-macos-arm64 0.1.2 68.00 NOTE
r-release-macos-x86_64 0.1.2 86.00 NOTE
r-release-windows-x86_64 0.1.2 59.00 83.00 142.00 NOTE
r-oldrel-macos-arm64 0.1.2 59.00 NOTE
r-oldrel-windows-x86_64 0.1.2 62.00 80.00 142.00 NOTE

Check Details

Version: 0.1.2
Check: C++ specification
Result: NOTE Specified C++14: please drop specification unless essential Flavors: r-devel-linux-x86_64-debian-clang, r-devel-linux-x86_64-debian-gcc, r-devel-linux-x86_64-fedora-clang, r-devel-linux-x86_64-fedora-gcc, r-prerel-macos-arm64, r-prerel-windows-x86_64, r-patched-linux-x86_64, r-release-linux-x86_64, r-release-macos-arm64, r-release-macos-x86_64, r-release-windows-x86_64

Version: 0.1.2
Check: installed package size
Result: NOTE installed size is 5.5Mb sub-directories of 1Mb or more: data 5.1Mb Flavors: r-devel-linux-x86_64-fedora-clang, r-prerel-macos-arm64, r-prerel-windows-x86_64, r-release-macos-arm64, r-release-macos-x86_64, r-release-windows-x86_64, r-oldrel-macos-arm64, r-oldrel-windows-x86_64

Version: 0.1.2
Check: dependencies in R code
Result: NOTE Namespaces in Imports field not imported from: ‘cpp11’ ‘dplyr’ ‘magrittr’ ‘stringi’ All declared Imports should be used. Flavors: r-devel-linux-x86_64-fedora-clang, r-devel-linux-x86_64-fedora-gcc, r-oldrel-macos-arm64

Version: 0.1.2
Check: data for non-ASCII characters
Result: NOTE Note: found 384749 marked UTF-8 strings Flavors: r-devel-linux-x86_64-fedora-clang, r-devel-linux-x86_64-fedora-gcc, r-oldrel-macos-arm64