CRAN Package Check Results for Package tkrplot

Last updated on 2023-02-08 11:54:42 CET.

Flavor Version Tinstall Tcheck Ttotal Status Flags
r-devel-linux-x86_64-debian-clang 0.0-27 3.72 24.85 28.57 NOTE
r-devel-linux-x86_64-debian-gcc 0.0-27 2.90 19.44 22.34 NOTE
r-devel-linux-x86_64-fedora-clang 0.0-27 37.57 NOTE
r-devel-linux-x86_64-fedora-gcc 0.0-27 36.52 NOTE
r-devel-windows-x86_64 0.0-27 24.00 53.00 77.00 OK
r-patched-linux-x86_64 0.0-27 3.22 24.27 27.49 NOTE
r-release-linux-x86_64 0.0-27 3.27 25.21 28.48 NOTE
r-release-macos-arm64 0.0-27 29.00 OK
r-release-macos-x86_64 0.0-27 25.00 OK
r-release-windows-x86_64 0.0-27 10.00 50.00 60.00 OK
r-oldrel-macos-arm64 0.0-27 31.00 OK
r-oldrel-macos-x86_64 0.0-27 29.00 OK
r-oldrel-windows-ix86+x86_64 0.0-27 13.00 54.00 67.00 OK

Check Details

Version: 0.0-27
Check: R code for possible problems
Result: NOTE
    Found an obsolete/platform-specific call in the following function:
     ‘.my.tkdev’
    Found the platform-specific device:
     ‘X11’
    dev.new() is the preferred way to open a new device, in the unlikely
    event one is needed.
Flavors: r-devel-linux-x86_64-debian-clang, r-devel-linux-x86_64-debian-gcc, r-devel-linux-x86_64-fedora-clang, r-devel-linux-x86_64-fedora-gcc, r-patched-linux-x86_64, r-release-linux-x86_64