CRAN Package Check Results for Package tkrplot

Last updated on 2021-09-27 05:51:40 CEST.

Flavor Version Tinstall Tcheck Ttotal Status Flags
r-devel-linux-x86_64-debian-clang 0.0-25 3.18 23.73 26.91 WARN
r-devel-linux-x86_64-debian-gcc 0.0-25 2.46 19.38 21.84 WARN
r-devel-linux-x86_64-fedora-clang 0.0-25 44.25 NOTE
r-devel-linux-x86_64-fedora-gcc 0.0-25 33.40 NOTE
r-devel-windows-x86_64 0.0-25 9.00 30.00 39.00 OK
r-devel-windows-x86_64-gcc10-UCRT 0.0-25 OK
r-patched-linux-x86_64 0.0-25 2.95 24.16 27.11 WARN
r-patched-solaris-x86 0.0-25 51.60 NOTE
r-release-linux-x86_64 0.0-25 2.88 23.90 26.78 WARN
r-release-macos-arm64 0.0-25 OK
r-release-macos-x86_64 0.0-25 OK
r-release-windows-ix86+x86_64 0.0-25 12.00 35.00 47.00 OK
r-oldrel-macos-x86_64 0.0-25 OK
r-oldrel-windows-ix86+x86_64 0.0-25 9.00 34.00 43.00 OK

Check Details

Version: 0.0-25
Check: top-level files
Result: WARN
     Output from running autoreconf:
     configure.ac:6: warning: The macro `AC_HELP_STRING' is obsolete.
     configure.ac:6: You should run autoupdate.
     ./lib/autoconf/general.m4:204: AC_HELP_STRING is expanded from...
     ./lib/autoconf/general.m4:1553: AC_ARG_WITH is expanded from...
     configure.ac:6: the top level
     configure.ac:19: warning: The macro `AC_HELP_STRING' is obsolete.
     configure.ac:19: You should run autoupdate.
     ./lib/autoconf/general.m4:204: AC_HELP_STRING is expanded from...
     ./lib/autoconf/general.m4:1553: AC_ARG_WITH is expanded from...
     configure.ac:19: the top level
     configure.ac:24: warning: The macro `AC_HELP_STRING' is obsolete.
     configure.ac:24: You should run autoupdate.
     ./lib/autoconf/general.m4:204: AC_HELP_STRING is expanded from...
     ./lib/autoconf/general.m4:1553: AC_ARG_WITH is expanded from...
     configure.ac:24: the top level
     configure.ac:49: warning: AC_OUTPUT should be used without arguments.
     configure.ac:49: You should run autoupdate.
Flavors: r-devel-linux-x86_64-debian-clang, r-devel-linux-x86_64-debian-gcc, r-patched-linux-x86_64, r-release-linux-x86_64

Version: 0.0-25
Check: R code for possible problems
Result: NOTE
    Found an obsolete/platform-specific call in the following function:
     '.my.tkdev'
    Found the platform-specific device:
     'X11'
    dev.new() is the preferred way to open a new device, in the unlikely
    event one is needed.
Flavors: r-devel-linux-x86_64-debian-clang, r-devel-linux-x86_64-debian-gcc, r-devel-linux-x86_64-fedora-clang, r-devel-linux-x86_64-fedora-gcc, r-patched-linux-x86_64, r-patched-solaris-x86, r-release-linux-x86_64