CRAN Package Check Results for Package tmcn

Last updated on 2021-12-04 23:50:48 CET.

Flavor Version Tinstall Tcheck Ttotal Status Flags
r-devel-linux-x86_64-debian-clang 0.2-13 3.21 37.57 40.78 OK
r-devel-linux-x86_64-debian-gcc 0.2-13 2.60 27.77 30.37 OK
r-devel-linux-x86_64-fedora-clang 0.2-13 51.15 NOTE
r-devel-linux-x86_64-fedora-gcc 0.2-13 37.22 NOTE
r-devel-windows-x86_64-new-UL 0.2-13 23.00 66.00 89.00 OK
r-devel-windows-x86_64-new-TK 0.2-13 NOTE
r-devel-windows-x86_64-old 0.2-13 8.00 40.00 48.00 OK
r-patched-linux-x86_64 0.2-13 3.58 25.44 29.02 OK
r-release-linux-x86_64 0.2-13 3.02 25.56 28.58 OK
r-release-macos-arm64 0.2-13 NOTE
r-release-macos-x86_64 0.2-13 NOTE
r-release-windows-ix86+x86_64 0.2-13 13.00 62.00 75.00 OK
r-oldrel-macos-x86_64 0.2-13 NOTE
r-oldrel-windows-ix86+x86_64 0.2-13 14.00 68.00 82.00 OK

Check Details

Version: 0.2-13
Check: data for non-ASCII characters
Result: NOTE
     Note: found 134043 marked UTF-8 strings
Flavors: r-devel-linux-x86_64-fedora-clang, r-devel-linux-x86_64-fedora-gcc, r-devel-windows-x86_64-new-TK, r-release-macos-arm64, r-release-macos-x86_64, r-oldrel-macos-x86_64