CRAN Package Check Results for Package tmod

Last updated on 2019-10-22 23:47:39 CEST.

Flavor Version Tinstall Tcheck Ttotal Status Flags
r-devel-linux-x86_64-debian-clang 0.40 6.84 76.75 83.59 OK
r-devel-linux-x86_64-debian-gcc 0.40 4.90 60.82 65.72 OK
r-devel-linux-x86_64-fedora-clang 0.40 102.94 OK
r-devel-linux-x86_64-fedora-gcc 0.40 100.40 OK
r-devel-windows-ix86+x86_64 0.40 11.00 110.00 121.00 OK
r-patched-linux-x86_64 0.40 5.83 74.54 80.37 OK
r-patched-solaris-x86 0.40 133.90 OK
r-release-linux-x86_64 0.40 6.83 75.01 81.84 OK
r-release-windows-ix86+x86_64 0.40 20.00 88.00 108.00 OK
r-release-osx-x86_64 0.40 WARN
r-oldrel-windows-ix86+x86_64 0.40 12.00 117.00 129.00 OK
r-oldrel-osx-x86_64 0.40 OK

Check Details

Version: 0.40
Check: package dependencies
Result: NOTE
    Package suggested but not available for checking: ‘limma’
Flavor: r-release-osx-x86_64

Version: 0.40
Check: re-building of vignette outputs
Result: WARN
    Error(s) in re-building vignettes:
     ...
    --- re-building ‘tmod.rmd’ using rmarkdown
    Warning in engine$weave(file, quiet = quiet, encoding = enc) :
     Pandoc (>= 1.12.3) and/or pandoc-citeproc not available. Falling back to R Markdown v1.
    Quitting from lines 51-59 (tmod.rmd)
    Error: processing vignette 'tmod.rmd' failed with diagnostics:
    there is no package called 'limma'
    --- failed re-building ‘tmod.rmd’
    
    SUMMARY: processing the following file failed:
     ‘tmod.rmd’
    
    Error: Vignette re-building failed.
    Execution halted
Flavor: r-release-osx-x86_64