CRAN Package Check Results for Package tmvnsim

Last updated on 2022-11-27 11:56:02 CET.

Flavor Version Tinstall Tcheck Ttotal Status Flags
r-devel-linux-x86_64-debian-clang 1.0-2 2.75 20.65 23.40 OK
r-devel-linux-x86_64-debian-gcc 1.0-2 2.29 16.66 18.95 OK
r-devel-linux-x86_64-fedora-clang 1.0-2 40.96 NOTE
r-devel-linux-x86_64-fedora-gcc 1.0-2 38.89 NOTE
r-devel-windows-x86_64 1.0-2 86.00 54.00 140.00 OK
r-patched-linux-x86_64 1.0-2 2.79 12.77 15.56 OK
r-release-linux-x86_64 1.0-2 2.27 12.66 14.93 OK
r-release-macos-arm64 1.0-2 17.00 OK
r-release-macos-x86_64 1.0-2 23.00 OK
r-release-windows-x86_64 1.0-2 6.00 46.00 52.00 OK
r-oldrel-macos-arm64 1.0-2 22.00 OK
r-oldrel-macos-x86_64 1.0-2 29.00 OK
r-oldrel-windows-ix86+x86_64 1.0-2 8.00 33.00 41.00 OK

Check Details

Version: 1.0-2
Check: compiled code
Result: NOTE
    File ‘tmvnsim/libs/tmvnsim.so’:
     Found no calls to: ‘R_registerRoutines’, ‘R_useDynamicSymbols’
    
    It is good practice to register native routines and to disable symbol
    search.
    
    See ‘Writing portable packages’ in the ‘Writing R Extensions’ manual.
Flavors: r-devel-linux-x86_64-fedora-clang, r-devel-linux-x86_64-fedora-gcc