CRAN Package Check Results for Package tok

Last updated on 2024-04-13 11:49:55 CEST.

Flavor Version Tinstall Tcheck Ttotal Status Flags
r-devel-linux-x86_64-debian-clang 0.1.1 503.30 29.28 532.58 OK
r-devel-linux-x86_64-debian-gcc 0.1.1 390.77 22.26 413.03 OK
r-devel-linux-x86_64-fedora-clang 0.1.1 748.31 NOTE
r-devel-linux-x86_64-fedora-gcc 0.1.1 740.95 OK
r-devel-windows-x86_64 0.1.1 66.00 101.00 167.00 NOTE
r-patched-linux-x86_64 0.1.1 510.71 27.56 538.27 OK
r-release-linux-x86_64 0.1.1 506.89 27.36 534.25 OK
r-release-macos-arm64 0.1.1 131.00 NOTE
r-release-macos-x86_64 0.1.1 138.00 NOTE
r-release-windows-x86_64 0.1.1 70.00 143.00 213.00 NOTE
r-oldrel-macos-arm64 0.1.1 119.00 NOTE
r-oldrel-windows-x86_64 0.1.1 103.00 126.00 229.00 WARN

Check Details

Version: 0.1.1
Check: installed package size
Result: NOTE installed size is 13.2Mb sub-directories of 1Mb or more: libs 13.0Mb Flavors: r-devel-linux-x86_64-fedora-clang, r-devel-windows-x86_64, r-release-macos-arm64, r-release-macos-x86_64, r-release-windows-x86_64, r-oldrel-macos-arm64, r-oldrel-windows-x86_64

Version: 0.1.1
Check: whether package can be installed
Result: WARN Found the following significant warnings: Warning: corrupt .drectve at end of def file Flavor: r-oldrel-windows-x86_64