CRAN Package Check Results for Package topdowntimeratio

Last updated on 2024-07-23 00:54:41 CEST.

Flavor Version Tinstall Tcheck Ttotal Status Flags
r-devel-linux-x86_64-debian-clang 0.1.0 4.14 42.66 46.80 NOTE
r-devel-linux-x86_64-debian-gcc 0.1.0 3.53 31.47 35.00 NOTE
r-devel-linux-x86_64-fedora-clang 0.1.0 59.57 NOTE
r-devel-linux-x86_64-fedora-gcc 0.1.0 57.58 NOTE
r-devel-windows-x86_64 0.1.0 5.00 52.00 57.00 NOTE
r-patched-linux-x86_64 0.1.0 4.41 40.50 44.91 NOTE
r-release-linux-x86_64 0.1.0 3.71 39.25 42.96 NOTE
r-release-macos-arm64 0.1.0 21.00 NOTE
r-release-macos-x86_64 0.1.0 29.00 NOTE
r-release-windows-x86_64 0.1.0 5.00 52.00 57.00 NOTE
r-oldrel-macos-arm64 0.1.0 22.00 OK
r-oldrel-macos-x86_64 0.1.0 27.00 OK
r-oldrel-windows-x86_64 0.1.0 5.00 55.00 60.00 OK

Check Details

Version: 0.1.0
Check: Rd files
Result: NOTE checkRd: (-1) getSegsExtra.Rd:14: Lost braces 14 | \item{data}{data.table returned from function /code{tdtr}} | ^ Flavors: r-devel-linux-x86_64-debian-clang, r-devel-linux-x86_64-debian-gcc, r-devel-linux-x86_64-fedora-clang, r-devel-linux-x86_64-fedora-gcc, r-devel-windows-x86_64, r-patched-linux-x86_64, r-release-linux-x86_64, r-release-macos-arm64, r-release-macos-x86_64, r-release-windows-x86_64