CRAN Package Check Results for Package topoDistance

Last updated on 2022-11-27 05:51:46 CET.

Flavor Version Tinstall Tcheck Ttotal Status Flags
r-devel-linux-x86_64-debian-clang 1.0.2 41.75 437.38 479.13 OK
r-devel-linux-x86_64-debian-gcc 1.0.2 29.94 320.65 350.59 OK
r-devel-linux-x86_64-fedora-clang 1.0.2 598.44 OK
r-devel-linux-x86_64-fedora-gcc 1.0.2 581.19 OK
r-devel-windows-x86_64 1.0.2 39.00 411.00 450.00 OK
r-patched-linux-x86_64 1.0.2 33.48 422.17 455.65 OK
r-release-linux-x86_64 1.0.2 27.48 428.56 456.04 OK
r-release-macos-arm64 1.0.2 128.00 OK
r-release-macos-x86_64 1.0.2 179.00 OK
r-release-windows-x86_64 1.0.2 58.00 421.00 479.00 OK
r-oldrel-macos-arm64 1.0.2 116.00 OK
r-oldrel-macos-x86_64 1.0.2 170.00 OK
r-oldrel-windows-ix86+x86_64 1.0.2 8.00 18.00 26.00 ERROR

Check Details

Version: 1.0.2
Check: whether package can be installed
Result: ERROR
    Installation failed.
Flavor: r-oldrel-windows-ix86+x86_64