Last updated on 2024-08-16 11:49:54 CEST.
Flavor | Version | Tinstall | Tcheck | Ttotal | Status | Flags |
---|---|---|---|---|---|---|
r-devel-linux-x86_64-debian-clang | 1.0.2 | 42.05 | 23.80 | 65.85 | OK | |
r-devel-linux-x86_64-debian-gcc | 1.0.2 | 41.37 | 19.14 | 60.51 | OK | |
r-devel-linux-x86_64-fedora-clang | 1.0.2 | 103.81 | NOTE | |||
r-devel-linux-x86_64-fedora-gcc | 1.0.2 | 105.73 | OK | |||
r-devel-windows-x86_64 | 1.0.2 | 44.00 | 46.00 | 90.00 | NOTE | |
r-patched-linux-x86_64 | 1.0.2 | 42.89 | 23.42 | 66.31 | OK | |
r-release-linux-x86_64 | 1.0.2 | 43.18 | 23.31 | 66.49 | OK | |
r-release-macos-arm64 | 1.0.2 | 60.00 | NOTE | |||
r-release-macos-x86_64 | 1.0.2 | 65.00 | NOTE | |||
r-release-windows-x86_64 | 1.0.2 | 42.00 | 47.00 | 89.00 | NOTE | |
r-oldrel-macos-arm64 | 1.0.2 | 55.00 | NOTE | |||
r-oldrel-macos-x86_64 | 1.0.2 | 73.00 | NOTE | |||
r-oldrel-windows-x86_64 | 1.0.2 | 40.00 | 50.00 | 90.00 | NOTE |
Version: 1.0.2
Check: installed package size
Result: NOTE
installed size is 7.3Mb
sub-directories of 1Mb or more:
data 7.2Mb
Flavors: r-devel-linux-x86_64-fedora-clang, r-devel-windows-x86_64, r-release-macos-arm64, r-release-macos-x86_64, r-release-windows-x86_64, r-oldrel-macos-arm64, r-oldrel-macos-x86_64, r-oldrel-windows-x86_64