Last updated on 2023-11-29 00:50:36 CET.
Flavor | Version | Tinstall | Tcheck | Ttotal | Status | Flags |
---|---|---|---|---|---|---|
r-devel-linux-x86_64-debian-clang | 0.3.2 | 8.01 | 124.31 | 132.32 | NOTE | |
r-devel-linux-x86_64-debian-gcc | 0.3.2 | 7.17 | 87.06 | 94.23 | NOTE | |
r-devel-linux-x86_64-fedora-clang | 0.3.2 | 157.76 | NOTE | |||
r-devel-linux-x86_64-fedora-gcc | 0.3.2 | 156.60 | NOTE | |||
r-devel-windows-x86_64 | 0.3.2 | 8.00 | 110.00 | 118.00 | OK | |
r-patched-linux-x86_64 | 0.3.2 | 9.32 | 117.15 | 126.47 | NOTE | |
r-release-linux-x86_64 | 0.3.2 | 8.23 | 118.13 | 126.36 | NOTE | |
r-release-macos-arm64 | 0.3.2 | 70.00 | OK | |||
r-release-macos-x86_64 | 0.3.2 | 85.00 | NOTE | |||
r-release-windows-x86_64 | 0.3.2 | 12.00 | 127.00 | 139.00 | OK | |
r-oldrel-macos-arm64 | 0.3.2 | 50.00 | OK | |||
r-oldrel-macos-x86_64 | 0.3.2 | 62.00 | OK | |||
r-oldrel-windows-x86_64 | 0.3.2 | 13.00 | 134.00 | 147.00 | OK |
Version: 0.3.2
Check: package dependencies
Result: NOTE
Package suggested but not available for checking: ‘moveVis’
Flavors: r-devel-linux-x86_64-debian-clang, r-devel-linux-x86_64-debian-gcc, r-devel-linux-x86_64-fedora-clang, r-devel-linux-x86_64-fedora-gcc, r-patched-linux-x86_64, r-release-linux-x86_64
Version: 0.3.2
Check: Rd cross-references
Result: NOTE
Unknown package ‘moveVis’ in Rd xrefs
Flavors: r-devel-linux-x86_64-debian-clang, r-devel-linux-x86_64-debian-gcc, r-devel-linux-x86_64-fedora-gcc, r-patched-linux-x86_64, r-release-linux-x86_64
Version: 0.3.2
Check: Rd cross-references
Result: NOTE
Undeclared package ‘rlang’ in Rd xrefs
Unknown package ‘moveVis’ in Rd xrefs
Flavor: r-devel-linux-x86_64-fedora-clang
Version: 0.3.2
Check: package dependencies
Result: NOTE
Package suggested but not available for checking: ‘ctmm’
Flavor: r-release-macos-x86_64
Version: 0.3.2
Check: Rd cross-references
Result: NOTE
Package unavailable to check Rd xrefs: ‘ctmm’
Flavor: r-release-macos-x86_64