CRAN Package Check Results for Package tractor.base

Last updated on 2022-08-20 00:52:15 CEST.

Flavor Version Tinstall Tcheck Ttotal Status Flags
r-devel-linux-x86_64-debian-clang 3.3.3.1 11.06 72.16 83.22 ERROR
r-devel-linux-x86_64-debian-gcc 3.3.3.1 7.65 53.01 60.66 NOTE
r-devel-linux-x86_64-fedora-clang 3.3.3.1 109.91 NOTE
r-devel-linux-x86_64-fedora-gcc 3.3.3.1 115.65 NOTE
r-devel-windows-x86_64 3.3.3.1 104.00 99.00 203.00 NOTE
r-patched-linux-x86_64 3.3.3.1 12.26 66.65 78.91 NOTE
r-release-linux-x86_64 3.3.3.1 NOTE
r-release-macos-arm64 3.3.3.1 28.00 NOTE
r-release-macos-x86_64 3.3.3.1 44.00 NOTE
r-release-windows-x86_64 3.3.3.1 100.00 94.00 194.00 NOTE
r-oldrel-macos-arm64 3.3.3.1 37.00 NOTE
r-oldrel-macos-x86_64 3.3.3.1 64.00 NOTE
r-oldrel-windows-ix86+x86_64 3.3.3.1 22.00 91.00 113.00 NOTE

Check Details

Version: 3.3.3.1
Check: LazyData
Result: NOTE
     'LazyData' is specified without a 'data' directory
Flavors: r-devel-linux-x86_64-debian-clang, r-devel-linux-x86_64-debian-gcc, r-devel-linux-x86_64-fedora-clang, r-devel-linux-x86_64-fedora-gcc, r-devel-windows-x86_64, r-patched-linux-x86_64, r-release-linux-x86_64, r-release-macos-arm64, r-release-macos-x86_64, r-release-windows-x86_64, r-oldrel-macos-arm64, r-oldrel-macos-x86_64, r-oldrel-windows-ix86+x86_64

Version: 3.3.3.1
Check: tests
Result: ERROR
     Running 'testthat.R' [16s/17s]
    Running the tests in 'tests/testthat.R' failed.
    Complete output:
     > library(testthat)
     > library(tractor.base)
     >
     > test_check("tractor.base")
     [ FAIL 1 | WARN 20 | SKIP 1 | PASS 116 ]
    
     == Skipped tests ===============================================================
     * oro.nifti cannot be loaded (1)
    
     == Failed tests ================================================================
     -- Failure (test-05-files.R:99:5): we can sort and read DICOM files ------------
     `print\(dicom\)` does not match "GROUP".
     Actual value: "GROUP ELEMENT VALUE\\n 0x0002 0x0000 188\\n 0x0002 0x0002 1\.2\.840\.10008\.5\.1\.4\.1\.1\.4\\n 0x0002 0x0003 1\.3\.12\.2\.1107\.5\.2\.30\.25471\.30000008091010241767100006233\\n 0x0002 0x0010 1\.2\.840\.10008\.1\.2\.1\\n 0x0002 0x0012 1\.3\.12\.2\.1107\.5\.2\\n 0x0002 0x0013 MR_2004V_VB11A\\n 0x0008 0x0005 ISO_IR 100\\n 0x0008 0x0008 ORIGINAL, PRIMARY, M, ND, NORM\\n 0x0008 0x0016 1\.2\.840\.10008\.5\.1\.4\.1\.1\.4\\n 0x0008 0x0018 1\.3\.12\.2\.1107\.5\.2\.30\.25471\.30000008091010241767100006233\\n 0x0008 0x0020 00000000\\n 0x0008 0x0021 00000000\\n 0x0008 0x0022 00000000\\n 0x0008 0x0023 00000000\\n 0x0008 0x0030 000000\.000000\\n 0x0008 0x0031 000000\.000000\\n 0x0008 0x0032 000000\.000000\\n 0x0008 0x0033 000000\.000000\\n 0x0008 0x0050 NA\\n 0x0008 0x0060 MR\\n 0x0008 0x0070 \\n 0x0008 0x0090 NA\\n 0x0008 0x1010 \\n 0x0008 0x1030 \\n 0x0008 0x103e fl3D_t1_sag\\n 0x0008 0x1090 \\n 0x0008 0x1140 \\xfe\\xff\\n 0x0010 0x0010 \\n 0x0010 0x0020 \\n 0x0010 0x0030 00000000\\n 0x0010 0x0040 \\n 0x0010 0x1010 000Y\\n 0x0010 0x1030 NA\\n 0x0018 0x0020 GR\\n 0x0018 0x0021 SP\\n 0x0018 0x0022 NA\\n 0x0018 0x0023 3D\\n 0x0018 0x0024 \*fl3d1\\n 0x0018 0x0025 N\\n 0x0018 0x0050 1\\n 0x0018 0x0080 11\\n 0x0018 0x0081 4\.94\\n 0x0018 0x0083 1\\n 0x0018 0x0084 63\.682891\\n 0x0018 0x0085 1H\\n 0x0018 0x0086 0\\n 0x0018 0x0087 1\.4939999580383\\n 0x0018 0x0089 196\\n 0x0018 0x0091 1\\n 0x0018 0x0093 100\\n 0x0018 0x0094 87\.5\\n 0x0018 0x0095 140\\n 0x0018 0x1000 \\n 0x0018 0x1020 \\n 0x0018 0x1030 fl3D_t1_sag\\n 0x0018 0x1200 00000000\\n 0x0018 0x1201 000000\.000000\\n 0x0018 0x1251 Body\\n 0x0018 0x1310 0, 256, 224, 0\\n 0x0018 0x1312 ROW\\n 0x0018 0x1314 15\\n 0x0018 0x1315 N\\n 0x0018 0x1316 0\.01391938515007\\n 0x0018 0x1318 0\\n 0x0018 0x5100 HFS\\n 0x0020 0x000d 1\.3\.12\.2\.1107\.5\.2\.30\.25471\.30000008091010234898400000004\\n 0x0020 0x000e 1\.3\.12\.2\.1107\.5\.2\.30\.25471\.30000008091010241767100006157\\n 0x0020 0x0010 1\\n 0x0020 0x0011 9\\n 0x0020 0x0012 1\\n 0x0020 0x0013 76\\n 0x0020 0x0032 -17\.245762825012, -128\.9491519928, 121\.22033882141\\n 0x0020 0x0037 0, 1, 0, 0, 0, -1\\n 0x0020 0x0052 1\.3\.12\.2\.1107\.5\.2\.30\.25471\.20080910140448828\.0\.0\.0\\n 0x0020 0x1040 NA\\n 0x0020 0x1041 -17\.245762825012\\n 0x0028 0x0002 1\\n 0x0028 0x0004 MONOCHROME2\\n 0x0028 0x0010 256\\n 0x0028 0x0011 224\\n 0x0028 0x0030 1, 1\\n 0x0028 0x0100 16\\n 0x0028 0x0101 12\\n 0x0028 0x0102 11\\n 0x0028 0x0103 0\\n 0x0028 0x0106 3\\n 0x0028 0x0107 423\\n 0x0028 0x1050 248\\n 0x0028 0x1051 523\\n 0x0028 0x1055 Algo1\\n 0x0029 0x0010 SIEMENS CSA HEADER\\n 0x0029 0x0011 SIEMENS MEDCOM HEADER\\n 0x0029 0x0012 SIEMENS MEDCOM HEADER2\\n 0x0029 0x1008 IMAGE NUM 4\\n 0x0029 0x1009 20080910\\n 0x0029 0x1018 MR\\n 0x0029 0x1019 20080910\\n 0x0029 0x1131 10\.0\.456247390\\n 0x0029 0x1132 114688\\n 0x0029 0x1133 0\\n 0x0029 0x1134 DB TO DICOM\\n 0x0029 0x1260 com\\n 0x0032 0x1060 \\n 0x0040 0x0244 00000000\\n 0x0040 0x0245 000000\.000000\\n 0x0040 0x0253 MR20080910140448\\n 0x0040 0x0254 \\n 0x0088 0x0140 1\.3\.12\.2\.1107\.5\.2\.30\.25471\.30000008091107165685900000001\\n 0x0088 0x0200 \\xfe\\xff"
     Backtrace:
     x
     1. \-testthat::expect_output(print(dicom), "GROUP") at test-05-files.R:99:4
     2. \-testthat::expect_match(...)
     3. \-testthat:::expect_match_(...)
    
     [ FAIL 1 | WARN 20 | SKIP 1 | PASS 116 ]
     Error: Test failures
     Execution halted
Flavor: r-devel-linux-x86_64-debian-clang