Last updated on 2023-03-26 17:49:58 CEST.
Flavor | Version | Tinstall | Tcheck | Ttotal | Status | Flags |
---|---|---|---|---|---|---|
r-devel-linux-x86_64-debian-clang | 0.2-6 | 14.10 | 169.32 | 183.42 | NOTE | |
r-devel-linux-x86_64-debian-gcc | 0.2-6 | 11.23 | 129.20 | 140.43 | NOTE | |
r-devel-linux-x86_64-fedora-clang | 0.2-6 | 244.30 | NOTE | |||
r-devel-linux-x86_64-fedora-gcc | 0.2-6 | 239.84 | NOTE | |||
r-patched-linux-x86_64 | 0.2-6 | 14.44 | 160.43 | 174.87 | NOTE | |
r-release-linux-x86_64 | 0.2-6 | 14.84 | 164.96 | 179.80 | NOTE | |
r-release-macos-arm64 | 0.2-6 | 71.00 | NOTE | |||
r-release-macos-x86_64 | 0.2-6 | 93.00 | NOTE | |||
r-release-windows-x86_64 | 0.2-6 | 81.00 | 263.00 | 344.00 | NOTE | |
r-oldrel-macos-arm64 | 0.2-6 | 64.00 | NOTE | |||
r-oldrel-macos-x86_64 | 0.2-6 | 98.00 | NOTE | |||
r-oldrel-windows-ix86+x86_64 | 0.2-6 | 26.00 | 213.00 | 239.00 | NOTE |
Version: 0.2-6
Check: package dependencies
Result: NOTE
Package suggested but not available for checking: ‘taxidata’
Flavors: r-devel-linux-x86_64-debian-clang, r-devel-linux-x86_64-debian-gcc, r-devel-linux-x86_64-fedora-clang, r-devel-linux-x86_64-fedora-gcc, r-patched-linux-x86_64, r-release-linux-x86_64, r-release-macos-arm64, r-release-macos-x86_64, r-release-windows-x86_64, r-oldrel-macos-arm64, r-oldrel-macos-x86_64, r-oldrel-windows-ix86+x86_64
Version: 0.2-6
Check: Rd \usage sections
Result: NOTE
S3 methods shown with full name in documentation object ‘print.Tracks’:
‘print.Tracks’
S3 methods shown with full name in documentation object ‘print.TracksCollection’:
‘print.TracksCollection’
The \usage entries for S3 methods should use the \method markup and not
their full name.
See chapter ‘Writing R documentation files’ in the ‘Writing R
Extensions’ manual.
Flavors: r-devel-linux-x86_64-debian-clang, r-devel-linux-x86_64-debian-gcc, r-devel-linux-x86_64-fedora-clang, r-devel-linux-x86_64-fedora-gcc, r-patched-linux-x86_64
Version: 0.2-6
Check: dependencies in R code
Result: NOTE
Initiating curl with CURL_SSL_BACKEND: openssl
Flavor: r-oldrel-windows-ix86+x86_64