Last updated on 2023-06-06 17:58:55 CEST.
Flavor | Version | Tinstall | Tcheck | Ttotal | Status | Flags |
---|---|---|---|---|---|---|
r-devel-linux-x86_64-debian-clang | 0.1.1 | 5.99 | 59.18 | 65.17 | OK | |
r-devel-linux-x86_64-debian-gcc | 0.1.1 | 4.44 | 45.03 | 49.47 | OK | |
r-devel-linux-x86_64-fedora-clang | 0.1.1 | 84.65 | NOTE | |||
r-devel-linux-x86_64-fedora-gcc | 0.1.1 | 95.20 | NOTE | |||
r-devel-windows-x86_64 | 0.1.1 | 6.00 | 73.00 | 79.00 | OK | |
r-patched-linux-x86_64 | 0.1.1 | 4.74 | 56.03 | 60.77 | OK | |
r-release-linux-x86_64 | 0.1.1 | 3.36 | 56.72 | 60.08 | OK | |
r-release-macos-arm64 | 0.1.1 | 45.00 | OK | |||
r-release-macos-x86_64 | 0.1.1 | 53.00 | OK | |||
r-release-windows-x86_64 | 0.1.1 | 10.00 | 75.00 | 85.00 | OK | |
r-oldrel-macos-arm64 | 0.1.1 | 30.00 | NOTE | |||
r-oldrel-macos-x86_64 | 0.1.1 | 45.00 | NOTE | |||
r-oldrel-windows-x86_64 | 0.1.1 | 9.00 | 77.00 | 86.00 | OK |
Version: 0.1.1
Check: data for non-ASCII characters
Result: NOTE
Note: found 827 marked UTF-8 strings
Flavors: r-devel-linux-x86_64-fedora-clang, r-devel-linux-x86_64-fedora-gcc, r-oldrel-macos-arm64, r-oldrel-macos-x86_64