CRAN Package Check Results for Package transformr

Last updated on 2023-03-30 11:54:52 CEST.

Flavor Version Tinstall Tcheck Ttotal Status Flags
r-devel-linux-x86_64-debian-clang 0.1.4 20.21 65.56 85.77 NOTE
r-devel-linux-x86_64-debian-gcc 0.1.4 17.49 49.22 66.71 NOTE
r-devel-linux-x86_64-fedora-clang 0.1.4 109.56 NOTE
r-devel-linux-x86_64-fedora-gcc 0.1.4 101.54 NOTE
r-patched-linux-x86_64 0.1.4 17.37 62.70 80.07 NOTE
r-release-linux-x86_64 0.1.4 18.55 64.05 82.60 OK
r-release-macos-arm64 0.1.4 34.00 OK
r-release-macos-x86_64 0.1.4 44.00 OK
r-release-windows-x86_64 0.1.4 39.00 101.00 140.00 OK
r-oldrel-macos-arm64 0.1.4 38.00 OK
r-oldrel-macos-x86_64 0.1.4 52.00 OK
r-oldrel-windows-ix86+x86_64 0.1.4 52.00 118.00 170.00 OK

Check Details

Version: 0.1.4
Check: C++ specification
Result: NOTE
     Specified C++11: please drop specification unless essential
Flavors: r-devel-linux-x86_64-debian-clang, r-devel-linux-x86_64-debian-gcc, r-devel-linux-x86_64-fedora-clang, r-devel-linux-x86_64-fedora-gcc, r-patched-linux-x86_64