Last updated on 2024-08-31 23:49:18 CEST.
Flavor | Version | Tinstall | Tcheck | Ttotal | Status | Flags |
---|---|---|---|---|---|---|
r-devel-linux-x86_64-debian-clang | 1.0.2 | 3.21 | 101.62 | 104.83 | NOTE | |
r-devel-linux-x86_64-debian-gcc | 1.0.2 | 2.39 | 64.47 | 66.86 | NOTE | |
r-devel-linux-x86_64-fedora-clang | 1.0.2 | 168.43 | NOTE | |||
r-devel-linux-x86_64-fedora-gcc | 1.0.2 | 187.20 | NOTE | |||
r-devel-windows-x86_64 | 1.0.2 | 5.00 | 111.00 | 116.00 | NOTE | |
r-patched-linux-x86_64 | 1.0.2 | 2.56 | 95.62 | 98.18 | NOTE | |
r-release-linux-x86_64 | 1.0.2 | 3.04 | 97.74 | 100.78 | NOTE | |
r-release-macos-arm64 | 1.0.2 | 52.00 | NOTE | |||
r-release-macos-x86_64 | 1.0.2 | 111.00 | NOTE | |||
r-release-windows-x86_64 | 1.0.2 | 4.00 | 110.00 | 114.00 | NOTE | |
r-oldrel-macos-arm64 | 1.0.2 | 54.00 | NOTE | |||
r-oldrel-macos-x86_64 | 1.0.2 | 144.00 | NOTE | |||
r-oldrel-windows-x86_64 | 1.0.2 | 5.00 | 139.00 | 144.00 | NOTE |
Version: 1.0.2
Check: package dependencies
Result: NOTE
Package which this enhances but not available for checking: ‘fwelnet’
Flavors: r-devel-linux-x86_64-debian-clang, r-devel-linux-x86_64-debian-gcc, r-devel-linux-x86_64-fedora-clang, r-devel-linux-x86_64-fedora-gcc, r-patched-linux-x86_64, r-release-linux-x86_64, r-release-macos-arm64, r-release-macos-x86_64, r-oldrel-macos-arm64, r-oldrel-macos-x86_64
Version: 1.0.2
Check: package dependencies
Result: NOTE
Packages which this enhances but not available for checking:
'fwelnet', 'doMC'
Flavors: r-devel-windows-x86_64, r-release-windows-x86_64, r-oldrel-windows-x86_64