CRAN Package Check Results for Package trapezoid

Last updated on 2020-11-27 23:50:33 CET.

Flavor Version Tinstall Tcheck Ttotal Status Flags
r-devel-linux-x86_64-debian-clang 2.0-0 2.78 31.78 34.56 NOTE
r-devel-linux-x86_64-debian-gcc 2.0-0 2.29 28.78 31.07 NOTE
r-devel-linux-x86_64-fedora-clang 2.0-0 47.30 NOTE
r-devel-linux-x86_64-fedora-gcc 2.0-0 38.29 NOTE
r-devel-windows-ix86+x86_64 2.0-0 7.00 64.00 71.00 NOTE
r-patched-linux-x86_64 2.0-0 3.07 33.47 36.54 NOTE
r-patched-solaris-x86 2.0-0 54.50 NOTE
r-release-linux-x86_64 2.0-0 3.02 34.04 37.06 NOTE
r-release-macos-x86_64 2.0-0 NOTE
r-release-windows-ix86+x86_64 2.0-0 7.00 63.00 70.00 NOTE
r-oldrel-macos-x86_64 2.0-0 NOTE
r-oldrel-windows-ix86+x86_64 2.0-0 6.00 57.00 63.00 NOTE

Check Details

Version: 2.0-0
Check: R code for possible problems
Result: NOTE
    rtrapezoid: no visible global function definition for 'runif'
    Undefined global functions or variables:
     runif
    Consider adding
     importFrom("stats", "runif")
    to your NAMESPACE file.
Flavors: r-devel-linux-x86_64-debian-clang, r-devel-linux-x86_64-debian-gcc, r-devel-linux-x86_64-fedora-clang, r-devel-linux-x86_64-fedora-gcc, r-devel-windows-ix86+x86_64, r-patched-linux-x86_64, r-patched-solaris-x86, r-release-linux-x86_64, r-release-macos-x86_64, r-release-windows-ix86+x86_64, r-oldrel-macos-x86_64, r-oldrel-windows-ix86+x86_64

Version: 2.0-0
Check: compiled code
Result: NOTE
    File ‘trapezoid/libs/trapezoid.so’:
     Found no calls to: ‘R_registerRoutines’, ‘R_useDynamicSymbols’
    
    It is good practice to register native routines and to disable symbol
    search.
    
    See ‘Writing portable packages’ in the ‘Writing R Extensions’ manual.
Flavors: r-devel-linux-x86_64-fedora-clang, r-devel-linux-x86_64-fedora-gcc