Last updated on 2024-08-16 11:49:54 CEST.
Flavor | Version | Tinstall | Tcheck | Ttotal | Status | Flags |
---|---|---|---|---|---|---|
r-devel-linux-x86_64-debian-clang | 1.0.2 | 4.78 | 103.43 | 108.21 | OK | |
r-devel-linux-x86_64-debian-gcc | 1.0.2 | 3.13 | 75.60 | 78.73 | OK | |
r-devel-linux-x86_64-fedora-clang | 1.0.2 | 176.97 | OK | |||
r-devel-linux-x86_64-fedora-gcc | 1.0.2 | 191.01 | OK | |||
r-devel-windows-x86_64 | 1.0.2 | 7.00 | 119.00 | 126.00 | OK | |
r-patched-linux-x86_64 | 1.0.2 | 4.74 | 101.04 | 105.78 | OK | |
r-release-linux-x86_64 | 1.0.2 | 3.98 | 101.06 | 105.04 | OK | |
r-release-macos-arm64 | 1.0.2 | 71.00 | OK | |||
r-release-macos-x86_64 | 1.0.2 | 111.00 | OK | |||
r-release-windows-x86_64 | 1.0.2 | 8.00 | 118.00 | 126.00 | OK | |
r-oldrel-macos-arm64 | 1.0.2 | 193.00 | OK | |||
r-oldrel-macos-x86_64 | 1.0.2 | 115.00 | NOTE | |||
r-oldrel-windows-x86_64 | 1.0.2 | 8.00 | 143.00 | 151.00 | OK |
Version: 1.0.2
Check: package dependencies
Result: NOTE
Package suggested but not available for checking: ‘Seurat’
Flavor: r-oldrel-macos-x86_64