CRAN Package Check Results for Package treespace

Last updated on 2021-05-14 23:51:04 CEST.

Flavor Version Tinstall Tcheck Ttotal Status Flags
r-devel-linux-x86_64-debian-clang 1.1.4.1 48.97 285.04 334.01 OK
r-devel-linux-x86_64-debian-gcc 1.1.4.1 36.51 214.18 250.69 OK
r-devel-linux-x86_64-fedora-clang 1.1.4.1 409.10 OK
r-devel-linux-x86_64-fedora-gcc 1.1.4.1 389.15 OK
r-devel-windows-ix86+x86_64 1.1.4.1 108.00 329.00 437.00 OK
r-devel-windows-x86_64-gcc10-UCRT 1.1.4.1 OK
r-patched-linux-x86_64 1.1.4.1 47.08 270.83 317.91 OK
r-patched-solaris-x86 1.1.4.1 557.40 OK
r-release-linux-x86_64 1.1.4.1 44.29 263.88 308.17 OK
r-release-macos-x86_64 1.1.4.1 OK
r-release-windows-ix86+x86_64 1.1.4.1 83.00 462.00 545.00 OK
r-oldrel-macos-x86_64 1.1.4.1 WARN
r-oldrel-windows-ix86+x86_64 1.1.4.1 70.00 417.00 487.00 OK

Check Details

Version: 1.1.4.1
Check: whether package can be installed
Result: WARN
    Found the following significant warnings:
     Warning: 'rgl.init' failed, running with 'rgl.useNULL = TRUE'.
Flavor: r-oldrel-macos-x86_64