CRAN Package Check Results for Package triangulr

Last updated on 2023-04-01 08:01:26 CEST.

Flavor Version Tinstall Tcheck Ttotal Status Flags
r-devel-linux-x86_64-debian-clang 1.2.1 9.61 35.35 44.96 NOTE
r-devel-linux-x86_64-debian-gcc 1.2.1 5.98 27.55 33.53 NOTE
r-devel-linux-x86_64-fedora-clang 1.2.1 57.70 NOTE
r-devel-linux-x86_64-fedora-gcc 1.2.1 52.27 NOTE
r-patched-linux-x86_64 1.2.1 7.76 34.15 41.91 NOTE
r-release-linux-x86_64 1.2.1 7.32 35.36 42.68 OK
r-release-macos-arm64 1.2.1 22.00 OK
r-release-macos-x86_64 1.2.1 29.00 OK
r-release-windows-x86_64 1.2.1 17.00 70.00 87.00 OK
r-oldrel-macos-arm64 1.2.1 23.00 OK
r-oldrel-macos-x86_64 1.2.1 29.00 OK
r-oldrel-windows-ix86+x86_64 1.2.1 28.00 79.00 107.00 OK

Check Details

Version: 1.2.1
Check: C++ specification
Result: NOTE
     Specified C++11: please drop specification unless essential
Flavors: r-devel-linux-x86_64-debian-clang, r-devel-linux-x86_64-debian-gcc, r-devel-linux-x86_64-fedora-clang, r-devel-linux-x86_64-fedora-gcc, r-patched-linux-x86_64