CRAN Package Check Results for Package trimmer

Last updated on 2022-01-24 05:52:06 CET.

Flavor Version Tinstall Tcheck Ttotal Status Flags
r-devel-linux-x86_64-debian-clang 0.8.1 3.54 48.61 52.15 NOTE
r-devel-linux-x86_64-debian-gcc 0.8.1 2.90 36.98 39.88 NOTE
r-devel-linux-x86_64-fedora-clang 0.8.1 63.14 NOTE
r-devel-linux-x86_64-fedora-gcc 0.8.1 51.30 NOTE
r-devel-windows-x86_64-new-UL 0.8.1 25.00 72.00 97.00 NOTE
r-devel-windows-x86_64-new-TK 0.8.1 NOTE
r-patched-linux-x86_64 0.8.1 2.65 45.77 48.42 NOTE
r-release-linux-x86_64 0.8.1 3.15 44.96 48.11 NOTE
r-release-macos-arm64 0.8.1 NOTE
r-release-macos-x86_64 0.8.1 NOTE
r-release-windows-ix86+x86_64 0.8.1 9.00 59.00 68.00 NOTE
r-oldrel-macos-x86_64 0.8.1 OK
r-oldrel-windows-ix86+x86_64 0.8.1 8.00 60.00 68.00 OK

Check Details

Version: 0.8.1
Check: LazyData
Result: NOTE
     'LazyData' is specified without a 'data' directory
Flavors: r-devel-linux-x86_64-debian-clang, r-devel-linux-x86_64-debian-gcc, r-devel-linux-x86_64-fedora-clang, r-devel-linux-x86_64-fedora-gcc, r-devel-windows-x86_64-new-UL, r-devel-windows-x86_64-new-TK, r-patched-linux-x86_64, r-release-linux-x86_64, r-release-macos-arm64, r-release-macos-x86_64, r-release-windows-ix86+x86_64