Last updated on 2023-03-27 23:55:57 CEST.
Flavor | Version | Tinstall | Tcheck | Ttotal | Status | Flags |
---|---|---|---|---|---|---|
r-devel-linux-x86_64-debian-clang | 1.3-9.1 | 7.32 | 39.00 | 46.32 | OK | |
r-devel-linux-x86_64-debian-gcc | 1.3-9.1 | 6.83 | 30.21 | 37.04 | OK | |
r-devel-linux-x86_64-fedora-clang | 1.3-9.1 | 58.54 | NOTE | |||
r-devel-linux-x86_64-fedora-gcc | 1.3-9.1 | 55.69 | OK | |||
r-patched-linux-x86_64 | 1.3-9.1 | 8.26 | 37.85 | 46.11 | OK | |
r-release-linux-x86_64 | 1.3-9.1 | 7.69 | 37.47 | 45.16 | OK | |
r-release-macos-arm64 | 1.3-9.1 | 25.00 | OK | |||
r-release-macos-x86_64 | 1.3-9.1 | 32.00 | OK | |||
r-release-windows-x86_64 | 1.3-9.1 | 20.00 | 60.00 | 80.00 | OK | |
r-oldrel-macos-arm64 | 1.3-9.1 | 30.00 | OK | |||
r-oldrel-macos-x86_64 | 1.3-9.1 | 44.00 | OK | |||
r-oldrel-windows-ix86+x86_64 | 1.3-9.1 | 22.00 | 51.00 | 73.00 | OK |
Version: 1.3-9.1
Check: Rd cross-references
Result: NOTE
Undeclared package ‘akima’ in Rd xrefs
Flavor: r-devel-linux-x86_64-fedora-clang