Last updated on 2024-08-31 23:49:18 CEST.
Flavor | Version | Tinstall | Tcheck | Ttotal | Status | Flags |
---|---|---|---|---|---|---|
r-devel-linux-x86_64-debian-clang | 1.3.0 | 9.76 | 99.90 | 109.66 | NOTE | |
r-devel-linux-x86_64-debian-gcc | 1.3.0 | 6.77 | 67.55 | 74.32 | NOTE | |
r-devel-linux-x86_64-fedora-clang | 1.3.0 | 169.74 | NOTE | |||
r-devel-linux-x86_64-fedora-gcc | 1.3.0 | 166.63 | NOTE | |||
r-devel-windows-x86_64 | 1.3.0 | 10.00 | 104.00 | 114.00 | NOTE | |
r-patched-linux-x86_64 | 1.3.0 | 7.71 | 93.48 | 101.19 | NOTE | |
r-release-linux-x86_64 | 1.3.0 | 8.60 | 92.09 | 100.69 | NOTE | |
r-release-macos-arm64 | 1.3.0 | 53.00 | NOTE | |||
r-release-macos-x86_64 | 1.3.0 | 78.00 | NOTE | |||
r-release-windows-x86_64 | 1.3.0 | 12.00 | 106.00 | 118.00 | NOTE | |
r-oldrel-macos-arm64 | 1.3.0 | 52.00 | NOTE | |||
r-oldrel-macos-x86_64 | 1.3.0 | 88.00 | NOTE | |||
r-oldrel-windows-x86_64 | 1.3.0 | 14.00 | 133.00 | 147.00 | NOTE |
Version: 1.3.0
Check: LazyData
Result: NOTE
'LazyData' is specified without a 'data' directory
Flavors: r-devel-linux-x86_64-debian-clang, r-devel-linux-x86_64-debian-gcc, r-devel-linux-x86_64-fedora-clang, r-devel-linux-x86_64-fedora-gcc, r-devel-windows-x86_64, r-patched-linux-x86_64, r-release-linux-x86_64, r-release-macos-arm64, r-release-macos-x86_64, r-release-windows-x86_64, r-oldrel-macos-arm64, r-oldrel-macos-x86_64, r-oldrel-windows-x86_64