Last updated on 2024-08-16 11:49:54 CEST.
Flavor | Version | Tinstall | Tcheck | Ttotal | Status | Flags |
---|---|---|---|---|---|---|
r-devel-linux-x86_64-debian-clang | 0.1.1 | 7.66 | 198.70 | 206.36 | NOTE | |
r-devel-linux-x86_64-debian-gcc | 0.1.1 | 5.17 | 147.00 | 152.17 | NOTE | |
r-devel-linux-x86_64-fedora-clang | 0.1.1 | 294.39 | OK | |||
r-devel-linux-x86_64-fedora-gcc | 0.1.1 | 332.62 | OK | |||
r-devel-windows-x86_64 | 0.1.1 | 8.00 | 236.00 | 244.00 | NOTE | |
r-patched-linux-x86_64 | 0.1.1 | 9.50 | 209.29 | 218.79 | OK | |
r-release-linux-x86_64 | 0.1.1 | 7.14 | 209.91 | 217.05 | OK | |
r-release-macos-arm64 | 0.1.1 | 89.00 | OK | |||
r-release-macos-x86_64 | 0.1.1 | 131.00 | OK | |||
r-release-windows-x86_64 | 0.1.1 | 9.00 | 246.00 | 255.00 | OK | |
r-oldrel-macos-arm64 | 0.1.1 | 175.00 | OK | |||
r-oldrel-macos-x86_64 | 0.1.1 | 252.00 | OK | |||
r-oldrel-windows-x86_64 | 0.1.1 | 10.00 | 251.00 | 261.00 | OK |
Version: 0.1.1
Check: Rd cross-references
Result: NOTE
Found the following Rd file(s) with Rd \link{} targets missing package
anchors:
dwmw.Rd: merMod-class
fstruction.Rd: merMod-class
Please provide package anchors for all Rd \link{} targets not in the
package itself and the base packages.
Flavors: r-devel-linux-x86_64-debian-clang, r-devel-linux-x86_64-debian-gcc, r-devel-windows-x86_64