CRAN Package Check Results for Package trustOptim

Last updated on 2024-06-13 11:48:32 CEST.

Flavor Version Tinstall Tcheck Ttotal Status Flags
r-devel-linux-x86_64-debian-clang 0.8.7.3 52.36 76.65 129.01 NOTE
r-devel-linux-x86_64-debian-gcc 0.8.7.3 39.46 57.14 96.60 ERROR
r-devel-linux-x86_64-fedora-clang 0.8.7.3 165.05 NOTE
r-devel-linux-x86_64-fedora-gcc 0.8.7.3 209.18 NOTE
r-devel-windows-x86_64 0.8.7.3 39.00 92.00 131.00 NOTE
r-patched-linux-x86_64 0.8.7.3 46.44 76.65 123.09 NOTE
r-release-linux-x86_64 0.8.7.3 40.48 75.00 115.48 NOTE
r-release-macos-arm64 0.8.7.3 54.00 NOTE
r-release-macos-x86_64 0.8.7.3 105.00 NOTE
r-release-windows-x86_64 0.8.7.3 37.00 93.00 130.00 NOTE
r-oldrel-macos-arm64 0.8.7.3 68.00 NOTE
r-oldrel-macos-x86_64 0.8.7.3 100.00 NOTE
r-oldrel-windows-x86_64 0.8.7.3 45.00 110.00 155.00 NOTE

Check Details

Version: 0.8.7.3
Check: C++ specification
Result: NOTE Specified C++11: please drop specification unless essential Flavors: r-devel-linux-x86_64-debian-clang, r-devel-linux-x86_64-debian-gcc, r-devel-linux-x86_64-fedora-clang, r-devel-linux-x86_64-fedora-gcc, r-devel-windows-x86_64, r-patched-linux-x86_64, r-release-linux-x86_64, r-release-macos-arm64, r-release-macos-x86_64, r-release-windows-x86_64, r-oldrel-macos-arm64, r-oldrel-macos-x86_64, r-oldrel-windows-x86_64

Version: 0.8.7.3
Check: package dependencies
Result: NOTE Package suggested but not available for checking: ‘testthat’ Flavor: r-devel-linux-x86_64-debian-gcc

Version: 0.8.7.3
Check: tests
Result: ERROR Running ‘testthat.R’ [0s/1s] Running the tests in ‘tests/testthat.R’ failed. Complete output: > library(testthat) Error in library(testthat) : there is no package called 'testthat' Execution halted Flavor: r-devel-linux-x86_64-debian-gcc

Version: 0.8.7.3
Check: installed package size
Result: NOTE installed size is 8.4Mb sub-directories of 1Mb or more: libs 8.1Mb Flavors: r-release-macos-arm64, r-release-macos-x86_64, r-oldrel-macos-arm64, r-oldrel-macos-x86_64