Last updated on 2024-08-16 11:49:54 CEST.
Flavor | Version | Tinstall | Tcheck | Ttotal | Status | Flags |
---|---|---|---|---|---|---|
r-devel-linux-x86_64-debian-clang | 0.8.7.3 | 33.96 | 60.35 | 94.31 | NOTE | |
r-devel-linux-x86_64-debian-gcc | 0.8.7.3 | 27.12 | 47.37 | 74.49 | NOTE | |
r-devel-linux-x86_64-fedora-clang | 0.8.7.3 | 153.91 | NOTE | |||
r-devel-linux-x86_64-fedora-gcc | 0.8.7.3 | 209.57 | NOTE | |||
r-devel-windows-x86_64 | 0.8.7.3 | 35.00 | 93.00 | 128.00 | NOTE | |
r-patched-linux-x86_64 | 0.8.7.3 | 34.28 | 59.08 | 93.36 | NOTE | |
r-release-linux-x86_64 | 0.8.7.3 | 35.87 | 58.92 | 94.79 | NOTE | |
r-release-macos-arm64 | 0.8.7.3 | 54.00 | NOTE | |||
r-release-macos-x86_64 | 0.8.7.3 | 105.00 | NOTE | |||
r-release-windows-x86_64 | 0.8.7.3 | 35.00 | 91.00 | 126.00 | NOTE | |
r-oldrel-macos-arm64 | 0.8.7.3 | 68.00 | NOTE | |||
r-oldrel-macos-x86_64 | 0.8.7.3 | 100.00 | NOTE | |||
r-oldrel-windows-x86_64 | 0.8.7.3 | 43.00 | 111.00 | 154.00 | NOTE |
Version: 0.8.7.3
Check: C++ specification
Result: NOTE
Specified C++11: please drop specification unless essential
Flavors: r-devel-linux-x86_64-debian-clang, r-devel-linux-x86_64-debian-gcc, r-devel-linux-x86_64-fedora-clang, r-devel-linux-x86_64-fedora-gcc, r-devel-windows-x86_64, r-patched-linux-x86_64, r-release-linux-x86_64, r-release-macos-arm64, r-release-macos-x86_64, r-release-windows-x86_64, r-oldrel-macos-arm64, r-oldrel-macos-x86_64, r-oldrel-windows-x86_64
Version: 0.8.7.3
Check: installed package size
Result: NOTE
installed size is 8.4Mb
sub-directories of 1Mb or more:
libs 8.1Mb
Flavors: r-release-macos-arm64, r-release-macos-x86_64, r-oldrel-macos-arm64, r-oldrel-macos-x86_64