Last updated on 2022-06-30 17:49:59 CEST.
Flavor | Version | Tinstall | Tcheck | Ttotal | Status | Flags |
---|---|---|---|---|---|---|
r-devel-linux-x86_64-debian-clang | 1.0.0 | 44.82 | 166.69 | 211.51 | OK | |
r-devel-linux-x86_64-debian-gcc | 1.0.0 | 35.15 | 118.33 | 153.48 | OK | |
r-devel-linux-x86_64-fedora-clang | 1.0.0 | 267.78 | OK | |||
r-devel-linux-x86_64-fedora-gcc | 1.0.0 | 253.57 | OK | |||
r-devel-windows-x86_64 | 1.0.0 | 48.00 | 201.00 | 249.00 | OK | |
r-patched-linux-x86_64 | 1.0.0 | 40.06 | 152.92 | 192.98 | OK | |
r-release-linux-x86_64 | 1.0.0 | 30.17 | 150.92 | 181.09 | OK | |
r-release-macos-arm64 | 1.0.0 | 70.00 | OK | |||
r-release-macos-x86_64 | 1.0.0 | 124.00 | NOTE | |||
r-release-windows-x86_64 | 1.0.0 | 49.00 | 211.00 | 260.00 | OK | |
r-oldrel-macos-arm64 | 1.0.0 | 80.00 | OK | |||
r-oldrel-macos-x86_64 | 1.0.0 | 87.00 | OK | |||
r-oldrel-windows-ix86+x86_64 | 1.0.0 | 105.00 | 271.00 | 376.00 | OK |
Version: 1.0.0
Check: package dependencies
Result: NOTE
Package suggested but not available for checking: ‘MTS’
Flavor: r-release-macos-x86_64
Version: 1.0.0
Check: Rd cross-references
Result: NOTE
Package unavailable to check Rd xrefs: ‘MTS’
Flavor: r-release-macos-x86_64