CRAN Package Check Results for Package tsensembler

Last updated on 2024-06-13 11:48:32 CEST.

Flavor Version Tinstall Tcheck Ttotal Status Flags
r-devel-linux-x86_64-debian-clang 0.1.0 26.22 160.79 187.01 OK
r-devel-linux-x86_64-debian-gcc 0.1.0 0.39 1.77 2.16 ERROR
r-devel-linux-x86_64-fedora-clang 0.1.0 233.15 OK
r-devel-linux-x86_64-fedora-gcc 0.1.0 220.40 OK
r-devel-windows-x86_64 0.1.0 17.00 142.00 159.00 OK
r-patched-linux-x86_64 0.1.0 15.00 155.62 170.62 OK
r-release-linux-x86_64 0.1.0 13.50 155.02 168.52 OK
r-release-macos-arm64 0.1.0 64.00 OK
r-release-macos-x86_64 0.1.0 100.00 OK
r-release-windows-x86_64 0.1.0 18.00 142.00 160.00 OK
r-oldrel-macos-arm64 0.1.0 67.00 OK
r-oldrel-macos-x86_64 0.1.0 111.00 OK
r-oldrel-windows-x86_64 0.1.0 24.00 172.00 196.00 OK

Check Details

Version: 0.1.0
Check: package dependencies
Result: ERROR Packages required but not available: 'Cubist', 'monmlp' Package suggested but not available for checking: ‘testthat’ See section ‘The DESCRIPTION file’ in the ‘Writing R Extensions’ manual. Flavor: r-devel-linux-x86_64-debian-gcc