CRAN Package Check Results for Package tseriesChaos

Last updated on 2019-06-23 11:48:30 CEST.

Flavor Version Tinstall Tcheck Ttotal Status Flags
r-devel-linux-x86_64-debian-clang 0.1-13.1 3.51 23.18 26.69 OK
r-devel-linux-x86_64-debian-gcc 0.1-13.1 2.68 19.05 21.73 OK
r-devel-linux-x86_64-fedora-clang 0.1-13.1 33.88 NOTE
r-devel-linux-x86_64-fedora-gcc 0.1-13.1 31.52 NOTE
r-devel-windows-ix86+x86_64 0.1-13.1 27.00 46.00 73.00 OK
r-patched-linux-x86_64 0.1-13.1 3.31 23.60 26.91 OK
r-patched-solaris-x86 0.1-13.1 52.60 OK
r-release-linux-x86_64 0.1-13.1 3.18 23.50 26.68 OK
r-release-windows-ix86+x86_64 0.1-13.1 15.00 67.00 82.00 OK
r-release-osx-x86_64 0.1-13.1 OK
r-oldrel-windows-ix86+x86_64 0.1-13.1 18.00 60.00 78.00 OK
r-oldrel-osx-x86_64 0.1-13.1 OK

Check Details

Version: 0.1-13.1
Check: compiled code
Result: NOTE
    File ‘tseriesChaos/libs/tseriesChaos.so’:
     Found no calls to: ‘R_registerRoutines’, ‘R_useDynamicSymbols’
    
    It is good practice to register native routines and to disable symbol
    search.
    
    See ‘Writing portable packages’ in the ‘Writing R Extensions’ manual.
Flavors: r-devel-linux-x86_64-fedora-clang, r-devel-linux-x86_64-fedora-gcc