CRAN Package Check Results for Package tsoutliers

Last updated on 2021-12-04 23:50:49 CET.

Flavor Version Tinstall Tcheck Ttotal Status Flags
r-devel-linux-x86_64-debian-clang 0.6-8 8.84 94.37 103.21 OK
r-devel-linux-x86_64-debian-gcc 0.6-8 7.05 70.79 77.84 OK
r-devel-linux-x86_64-fedora-clang 0.6-8 129.47 NOTE
r-devel-linux-x86_64-fedora-gcc 0.6-8 111.73 OK
r-devel-windows-x86_64-new-UL 0.6-8 18.00 137.00 155.00 OK
r-devel-windows-x86_64-new-TK 0.6-8 OK
r-devel-windows-x86_64-old 0.6-8 14.00 88.00 102.00 OK
r-patched-linux-x86_64 0.6-8 8.53 80.37 88.90 OK
r-release-linux-x86_64 0.6-8 7.57 80.04 87.61 OK
r-release-macos-arm64 0.6-8 OK
r-release-macos-x86_64 0.6-8 OK
r-release-windows-ix86+x86_64 0.6-8 20.00 110.00 130.00 OK
r-oldrel-macos-x86_64 0.6-8 OK
r-oldrel-windows-ix86+x86_64 0.6-8 21.00 116.00 137.00 OK

Check Details

Version: 0.6-8
Check: Rd cross-references
Result: NOTE
    Undeclared package ‘tseries’ in Rd xrefs
Flavor: r-devel-linux-x86_64-fedora-clang