Last updated on 2024-08-31 23:49:18 CEST.
Flavor | Version | Tinstall | Tcheck | Ttotal | Status | Flags |
---|---|---|---|---|---|---|
r-devel-linux-x86_64-debian-clang | 0.4.1 | 9.32 | 71.08 | 80.40 | OK | |
r-devel-linux-x86_64-debian-gcc | 0.4.1 | 6.08 | 51.22 | 57.30 | OK | |
r-devel-linux-x86_64-fedora-clang | 0.4.1 | 131.60 | NOTE | |||
r-devel-linux-x86_64-fedora-gcc | 0.4.1 | 121.82 | OK | |||
r-devel-windows-x86_64 | 0.4.1 | 10.00 | 86.00 | 96.00 | OK | |
r-patched-linux-x86_64 | 0.4.1 | 8.50 | 66.60 | 75.10 | OK | |
r-release-linux-x86_64 | 0.4.1 | 7.95 | 66.45 | 74.40 | OK | |
r-release-macos-arm64 | 0.4.1 | 39.00 | OK | |||
r-release-macos-x86_64 | 0.4.1 | 100.00 | OK | |||
r-release-windows-x86_64 | 0.4.1 | 9.00 | 89.00 | 98.00 | OK | |
r-oldrel-macos-arm64 | 0.4.1 | 44.00 | OK | |||
r-oldrel-macos-x86_64 | 0.4.1 | 88.00 | OK | |||
r-oldrel-windows-x86_64 | 0.4.1 | 14.00 | 105.00 | 119.00 | OK |
Version: 0.4.1
Check: Rd cross-references
Result: NOTE
Undeclared packages ‘ggplot2’, ‘crosstalk’ in Rd xrefs
Flavor: r-devel-linux-x86_64-fedora-clang