CRAN Package Check Results for Package tumblR

Last updated on 2019-10-20 17:49:23 CEST.

Flavor Version Tinstall Tcheck Ttotal Status Flags
r-devel-linux-x86_64-debian-clang 1.1 3.92 29.55 33.47 NOTE
r-devel-linux-x86_64-debian-gcc 1.1 2.94 23.93 26.87 NOTE
r-devel-linux-x86_64-fedora-clang 1.1 40.79 NOTE
r-devel-linux-x86_64-fedora-gcc 1.1 40.36 NOTE
r-devel-windows-ix86+x86_64 1.1 9.00 75.00 84.00 NOTE
r-patched-linux-x86_64 1.1 2.74 29.43 32.17 NOTE
r-patched-solaris-x86 1.1 75.00 NOTE
r-release-linux-x86_64 1.1 3.27 29.60 32.87 NOTE
r-release-windows-ix86+x86_64 1.1 12.00 46.00 58.00 NOTE
r-release-osx-x86_64 1.1 NOTE
r-oldrel-windows-ix86+x86_64 1.1 5.00 42.00 47.00 NOTE
r-oldrel-osx-x86_64 1.1 NOTE

Check Details

Version: 1.1
Check: R code for possible problems
Result: NOTE
    http.connection: no visible global function definition for 'setNames'
    Undefined global functions or variables:
     setNames
    Consider adding
     importFrom("stats", "setNames")
    to your NAMESPACE file.
Flavors: r-devel-linux-x86_64-debian-clang, r-devel-linux-x86_64-debian-gcc, r-devel-linux-x86_64-fedora-clang, r-devel-linux-x86_64-fedora-gcc, r-devel-windows-ix86+x86_64, r-patched-linux-x86_64, r-patched-solaris-x86, r-release-linux-x86_64, r-release-windows-ix86+x86_64, r-release-osx-x86_64, r-oldrel-windows-ix86+x86_64, r-oldrel-osx-x86_64