CRAN Package Check Results for Package tuneR

Last updated on 2021-05-14 23:51:04 CEST.

Flavor Version Tinstall Tcheck Ttotal Status Flags
r-devel-linux-x86_64-debian-clang 1.3.3 15.97 59.13 75.10 OK
r-devel-linux-x86_64-debian-gcc 1.3.3 11.30 45.25 56.55 OK
r-devel-linux-x86_64-fedora-clang 1.3.3 98.78 OK
r-devel-linux-x86_64-fedora-gcc 1.3.3 86.74 OK
r-devel-windows-ix86+x86_64 1.3.3 40.00 76.00 116.00 OK
r-devel-windows-x86_64-gcc10-UCRT 1.3.3 OK
r-patched-linux-x86_64 1.3.3 14.69 57.45 72.14 OK
r-patched-solaris-x86 1.3.3 108.50 OK
r-release-linux-x86_64 1.3.3 12.19 55.80 67.99 OK
r-release-macos-x86_64 1.3.3 WARN
r-release-windows-ix86+x86_64 1.3.3 32.00 108.00 140.00 OK
r-oldrel-macos-x86_64 1.3.3 OK
r-oldrel-windows-ix86+x86_64 1.3.3 25.00 93.00 118.00 OK

Additional issues

clang-UBSAN gcc11

Check Details

Version: 1.3.3
Check: whether package can be installed
Result: WARN
    Found the following significant warnings:
     frame.c:147:21: warning: result of comparison of constant 4 with expression of type 'enum mad_layer' is always false [-Wtautological-constant-out-of-range-compare]
Flavor: r-release-macos-x86_64